Last updated on 2025-04-30 04:50:06 CEST.
Flavor | Version | Tinstall | Tcheck | Ttotal | Status | Flags |
---|---|---|---|---|---|---|
r-devel-linux-x86_64-debian-clang | 1.1.10 | 63.16 | 108.43 | 171.59 | NOTE | |
r-devel-linux-x86_64-debian-gcc | 1.1.10 | 42.34 | 74.18 | 116.52 | OK | |
r-devel-linux-x86_64-fedora-clang | 1.1.10 | 299.08 | OK | |||
r-devel-linux-x86_64-fedora-gcc | 1.1.10 | 288.53 | OK | |||
r-devel-windows-x86_64 | 1.1.10 | 90.00 | 168.00 | 258.00 | OK | |
r-patched-linux-x86_64 | 1.1.10 | 61.59 | 106.51 | 168.10 | OK | |
r-release-linux-x86_64 | 1.1.10 | 56.54 | 105.47 | 162.01 | OK | |
r-release-macos-arm64 | 1.1.10 | 85.00 | OK | |||
r-release-macos-x86_64 | 1.1.10 | 134.00 | OK | |||
r-release-windows-x86_64 | 1.1.10 | 89.00 | 163.00 | 252.00 | OK | |
r-oldrel-macos-arm64 | 1.1.10 | 80.00 | OK | |||
r-oldrel-macos-x86_64 | 1.1.10 | 103.00 | OK | |||
r-oldrel-windows-x86_64 | 1.1.10 | 97.00 | 193.00 | 290.00 | OK |
Version: 1.1.10
Check: examples
Result: NOTE
Examples with CPU (user + system) or elapsed time > 5s
user system elapsed
gen.meangendepth 3.740 0.028 5.659
gen.findFounders 0.771 0.001 5.191
gen.find.Min.Distance.MRCA 0.204 0.000 5.012
Flavor: r-devel-linux-x86_64-debian-clang