Last updated on 2025-04-30 04:50:06 CEST.
Flavor | Version | Tinstall | Tcheck | Ttotal | Status | Flags |
---|---|---|---|---|---|---|
r-devel-linux-x86_64-debian-clang | 2.0.1 | 7.42 | 95.26 | 102.68 | NOTE | |
r-devel-linux-x86_64-debian-gcc | 2.0.1 | 5.12 | 68.09 | 73.21 | NOTE | |
r-devel-linux-x86_64-fedora-clang | 2.0.1 | 163.53 | OK | |||
r-devel-linux-x86_64-fedora-gcc | 2.0.1 | 178.88 | OK | |||
r-devel-windows-x86_64 | 2.0.1 | 9.00 | 109.00 | 118.00 | OK | |
r-patched-linux-x86_64 | 2.0.1 | 5.93 | 92.18 | 98.11 | OK | |
r-release-linux-x86_64 | 2.0.1 | 7.58 | 91.97 | 99.55 | OK | |
r-release-macos-arm64 | 2.0.1 | 62.00 | OK | |||
r-release-macos-x86_64 | 2.0.1 | 98.00 | OK | |||
r-release-windows-x86_64 | 2.0.1 | 8.00 | 110.00 | 118.00 | OK | |
r-oldrel-macos-arm64 | 2.0.1 | 50.00 | OK | |||
r-oldrel-macos-x86_64 | 2.0.1 | 84.00 | OK | |||
r-oldrel-windows-x86_64 | 2.0.1 | 11.00 | 134.00 | 145.00 | OK |
Version: 2.0.1
Check: CRAN incoming feasibility
Result: NOTE
Maintainer: ‘Dandi Qiao <redaq@channing.harvard.edu>’
No Authors@R field in DESCRIPTION.
Please add one, modifying
Authors@R: c(person(given = "Dandi",
family = "Qiao",
role = c("aut", "cre"),
email = "redaq@channing.harvard.edu"),
person(given = c("Michael", "H."),
family = "Cho",
role = "aut"))
as necessary.
Flavors: r-devel-linux-x86_64-debian-clang, r-devel-linux-x86_64-debian-gcc