Last updated on 2025-04-30 04:50:06 CEST.
Flavor | Version | Tinstall | Tcheck | Ttotal | Status | Flags |
---|---|---|---|---|---|---|
r-devel-linux-x86_64-debian-clang | 1.0.1 | 7.98 | 78.96 | 86.94 | NOTE | |
r-devel-linux-x86_64-debian-gcc | 1.0.1 | 5.22 | 58.21 | 63.43 | NOTE | |
r-devel-linux-x86_64-fedora-clang | 1.0.1 | 135.80 | OK | |||
r-devel-linux-x86_64-fedora-gcc | 1.0.1 | 150.69 | OK | |||
r-devel-windows-x86_64 | 1.0.1 | 9.00 | 95.00 | 104.00 | OK | |
r-patched-linux-x86_64 | 1.0.1 | 7.83 | 75.49 | 83.32 | OK | |
r-release-linux-x86_64 | 1.0.1 | 7.45 | 75.92 | 83.37 | OK | |
r-release-macos-arm64 | 1.0.1 | 63.00 | OK | |||
r-release-macos-x86_64 | 1.0.1 | 105.00 | OK | |||
r-release-windows-x86_64 | 1.0.1 | 9.00 | 99.00 | 108.00 | OK | |
r-oldrel-macos-arm64 | 1.0.1 | 48.00 | OK | |||
r-oldrel-macos-x86_64 | 1.0.1 | 68.00 | OK | |||
r-oldrel-windows-x86_64 | 1.0.1 | 10.00 | 114.00 | 124.00 | OK |
Version: 1.0.1
Check: CRAN incoming feasibility
Result: NOTE
Maintainer: ‘Sydney Manning <sydney.manning@unthsc.edu>’
No Authors@R field in DESCRIPTION.
Please add one, modifying
Authors@R: c(person(given = "Zhengyang",
family = "Zhou",
role = "aut"),
person(given = "Sydney",
family = "Manning",
role = "cre",
email = "sydney.manning@unthsc.edu"))
as necessary.
Flavors: r-devel-linux-x86_64-debian-clang, r-devel-linux-x86_64-debian-gcc
Version: 1.0.1
Check: examples
Result: NOTE
Examples with CPU (user + system) or elapsed time > 5s
user system elapsed
GxEscreen 5.7 0.021 8.428
Flavor: r-devel-linux-x86_64-debian-clang