Last updated on 2025-04-30 04:50:06 CEST.
Flavor | Version | Tinstall | Tcheck | Ttotal | Status | Flags |
---|---|---|---|---|---|---|
r-devel-linux-x86_64-debian-clang | 1.1.6-2 | 1.97 | 29.77 | 31.74 | NOTE | |
r-devel-linux-x86_64-debian-gcc | 1.1.6-2 | 1.61 | 20.83 | 22.44 | NOTE | |
r-devel-linux-x86_64-fedora-clang | 1.1.6-2 | 45.95 | OK | |||
r-devel-linux-x86_64-fedora-gcc | 1.1.6-2 | 46.29 | OK | |||
r-devel-windows-x86_64 | 1.1.6-2 | 4.00 | 51.00 | 55.00 | OK | |
r-patched-linux-x86_64 | 1.1.6-2 | 2.77 | 27.64 | 30.41 | OK | |
r-release-linux-x86_64 | 1.1.6-2 | 2.42 | 27.89 | 30.31 | OK | |
r-release-macos-arm64 | 1.1.6-2 | 18.00 | OK | |||
r-release-macos-x86_64 | 1.1.6-2 | 27.00 | OK | |||
r-release-windows-x86_64 | 1.1.6-2 | 3.00 | 50.00 | 53.00 | OK | |
r-oldrel-macos-arm64 | 1.1.6-2 | 16.00 | OK | |||
r-oldrel-macos-x86_64 | 1.1.6-2 | 24.00 | OK | |||
r-oldrel-windows-x86_64 | 1.1.6-2 | 3.00 | 53.00 | 56.00 | OK |
Version: 1.1.6-2
Check: CRAN incoming feasibility
Result: NOTE
Maintainer: ‘Alex J. Cannon <alex.cannon@canada.ca>’
Package CITATION file contains call(s) to old-style citEntry(). Please
use bibentry() instead.
Flavors: r-devel-linux-x86_64-debian-clang, r-devel-linux-x86_64-debian-gcc
Version: 1.1.6-2
Check: examples
Result: NOTE
Examples with CPU (user + system) or elapsed time > 5s
user system elapsed
gevcdn.fit 7.166 0 10.008
Flavor: r-devel-linux-x86_64-debian-clang