CRAN Package Check Results for Package GFGM.copula

Last updated on 2025-04-30 04:50:06 CEST.

Flavor Version Tinstall Tcheck Ttotal Status Flags
r-devel-linux-x86_64-debian-clang 1.0.4 10.82 64.58 75.40 NOTE
r-devel-linux-x86_64-debian-gcc 1.0.4 7.28 47.25 54.53 NOTE
r-devel-linux-x86_64-fedora-clang 1.0.4 118.51 OK
r-devel-linux-x86_64-fedora-gcc 1.0.4 114.59 OK
r-devel-windows-x86_64 1.0.4 11.00 82.00 93.00 OK
r-patched-linux-x86_64 1.0.4 11.99 62.25 74.24 OK
r-release-linux-x86_64 1.0.4 10.33 62.54 72.87 OK
r-release-macos-arm64 1.0.4 39.00 OK
r-release-macos-x86_64 1.0.4 70.00 OK
r-release-windows-x86_64 1.0.4 12.00 80.00 92.00 OK
r-oldrel-macos-arm64 1.0.4 33.00 NOTE
r-oldrel-macos-x86_64 1.0.4 53.00 NOTE
r-oldrel-windows-x86_64 1.0.4 14.00 90.00 104.00 NOTE

Check Details

Version: 1.0.4
Check: CRAN incoming feasibility
Result: NOTE Maintainer: ‘Jia-Han Shih <tommy355097@gmail.com>’ No Authors@R field in DESCRIPTION. Please add one, modifying Authors@R: person(given = "Jia-Han", family = "Shih", role = c("aut", "cre"), email = "tommy355097@gmail.com") as necessary. Flavors: r-devel-linux-x86_64-debian-clang, r-devel-linux-x86_64-debian-gcc

Version: 1.0.4
Check: LazyData
Result: NOTE 'LazyData' is specified without a 'data' directory Flavors: r-oldrel-macos-arm64, r-oldrel-macos-x86_64, r-oldrel-windows-x86_64