Last updated on 2025-04-30 04:50:06 CEST.
Flavor | Version | Tinstall | Tcheck | Ttotal | Status | Flags |
---|---|---|---|---|---|---|
r-devel-linux-x86_64-debian-clang | 0.2.0 | 5.89 | 51.43 | 57.32 | NOTE | |
r-devel-linux-x86_64-debian-gcc | 0.2.0 | 5.41 | 40.16 | 45.57 | NOTE | |
r-devel-linux-x86_64-fedora-clang | 0.2.0 | 89.12 | OK | |||
r-devel-linux-x86_64-fedora-gcc | 0.2.0 | 86.79 | OK | |||
r-devel-windows-x86_64 | 0.2.0 | 7.00 | 70.00 | 77.00 | OK | |
r-patched-linux-x86_64 | 0.2.0 | 5.97 | 49.40 | 55.37 | OK | |
r-release-linux-x86_64 | 0.2.0 | 6.17 | 49.61 | 55.78 | OK | |
r-release-macos-arm64 | 0.2.0 | 34.00 | OK | |||
r-release-macos-x86_64 | 0.2.0 | 52.00 | OK | |||
r-release-windows-x86_64 | 0.2.0 | 7.00 | 71.00 | 78.00 | OK | |
r-oldrel-macos-arm64 | 0.2.0 | 29.00 | OK | |||
r-oldrel-macos-x86_64 | 0.2.0 | 43.00 | OK | |||
r-oldrel-windows-x86_64 | 0.2.0 | 9.00 | 77.00 | 86.00 | OK |
Version: 0.2.0
Check: CRAN incoming feasibility
Result: NOTE
Maintainer: ‘Hong Zhang <hzhang@wpi.edu>’
No Authors@R field in DESCRIPTION.
Please add one, modifying
Authors@R: c(person(given = "Hong",
family = "Zhang",
role = c("aut", "cre"),
email = "hzhang@wpi.edu"),
person(given = "Zheyang",
family = "Wu",
role = "aut"))
as necessary.
The Description field contains
found in Hong Zhang and Zheyang Wu (2020) <arXiv:2003.01286>.
Please refer to arXiv e-prints via their arXiv DOI <doi:10.48550/arXiv.YYMM.NNNNN>.
Flavors: r-devel-linux-x86_64-debian-clang, r-devel-linux-x86_64-debian-gcc