Last updated on 2025-04-30 04:50:06 CEST.
Flavor | Version | Tinstall | Tcheck | Ttotal | Status | Flags |
---|---|---|---|---|---|---|
r-devel-linux-x86_64-debian-clang | 3.2-6 | 33.28 | 275.20 | 308.48 | OK | |
r-devel-linux-x86_64-debian-gcc | 3.2-6 | 19.31 | 178.19 | 197.50 | OK | |
r-devel-linux-x86_64-fedora-clang | 3.2-6 | 530.76 | OK | |||
r-devel-linux-x86_64-fedora-gcc | 3.2-6 | 529.66 | OK | |||
r-devel-windows-x86_64 | 3.2-6 | 34.00 | 310.00 | 344.00 | OK | |
r-patched-linux-x86_64 | 3.2-0 | 36.41 | 243.09 | 279.50 | OK | |
r-release-linux-x86_64 | 3.2-6 | 25.92 | 253.72 | 279.64 | OK | |
r-release-macos-arm64 | 3.2-6 | 126.00 | OK | |||
r-release-macos-x86_64 | 3.2-6 | 228.00 | OK | |||
r-release-windows-x86_64 | 3.2-6 | 36.00 | 308.00 | 344.00 | OK | |
r-oldrel-macos-arm64 | 3.2-6 | 147.00 | NOTE | |||
r-oldrel-macos-x86_64 | 3.2-6 | 262.00 | NOTE | |||
r-oldrel-windows-x86_64 | 3.2-6 | 34.00 | 318.00 | 352.00 | NOTE |
Version: 3.2-6
Check: installed package size
Result: NOTE
installed size is 11.0Mb
sub-directories of 1Mb or more:
R 2.1Mb
doc 7.2Mb
Flavors: r-oldrel-macos-arm64, r-oldrel-macos-x86_64, r-oldrel-windows-x86_64