Last updated on 2025-04-30 04:50:06 CEST.
Flavor | Version | Tinstall | Tcheck | Ttotal | Status | Flags |
---|---|---|---|---|---|---|
r-devel-linux-x86_64-debian-clang | 1.4 | 2.27 | 41.68 | 43.95 | NOTE | |
r-devel-linux-x86_64-debian-gcc | 1.4 | 1.74 | 31.22 | 32.96 | NOTE | |
r-devel-linux-x86_64-fedora-clang | 1.4 | 68.60 | OK | |||
r-devel-linux-x86_64-fedora-gcc | 1.4 | 75.38 | OK | |||
r-devel-windows-x86_64 | 1.4 | 3.00 | 69.00 | 72.00 | OK | |
r-patched-linux-x86_64 | 1.4 | 2.33 | 43.12 | 45.45 | OK | |
r-release-linux-x86_64 | 1.4 | 2.22 | 43.40 | 45.62 | OK | |
r-release-macos-arm64 | 1.4 | 27.00 | OK | |||
r-release-macos-x86_64 | 1.4 | 52.00 | OK | |||
r-release-windows-x86_64 | 1.4 | 4.00 | 67.00 | 71.00 | OK | |
r-oldrel-macos-arm64 | 1.4 | 27.00 | OK | |||
r-oldrel-macos-x86_64 | 1.4 | 41.00 | OK | |||
r-oldrel-windows-x86_64 | 1.4 | 4.00 | 79.00 | 83.00 | OK |
Version: 1.4
Check: CRAN incoming feasibility
Result: NOTE
Maintainer: ‘Shannon T. Holloway <shannon.t.holloway@gmail.com>’
No Authors@R field in DESCRIPTION.
Please add one, modifying
Authors@R: c(person(given = c("Min", "Jin"),
family = "Ha",
role = c("aut", "cre")),
person(given = c("Shannon", "T."),
family = "Holloway",
role = c("ctb", "cre"),
email = "shannon.t.holloway@gmail.com"))
as necessary.
Flavors: r-devel-linux-x86_64-debian-clang, r-devel-linux-x86_64-debian-gcc
Version: 1.4
Check: examples
Result: NOTE
Examples with CPU (user + system) or elapsed time > 5s
user system elapsed
lambda.pcut.cv 6.156 0 9.25
Flavor: r-devel-linux-x86_64-debian-clang