CRAN Package Check Results for Package GGRidge

Last updated on 2025-04-30 04:50:07 CEST.

Flavor Version Tinstall Tcheck Ttotal Status Flags
r-devel-linux-x86_64-debian-clang 1.1.0 10.13 84.94 95.07 NOTE
r-devel-linux-x86_64-debian-gcc 1.1.0 7.46 61.20 68.66 NOTE
r-devel-linux-x86_64-fedora-clang 1.1.0 139.65 OK
r-devel-linux-x86_64-fedora-gcc 1.1.0 137.07 OK
r-devel-windows-x86_64 1.1.0 11.00 94.00 105.00 OK
r-patched-linux-x86_64 1.1.0 9.65 81.75 91.40 OK
r-release-linux-x86_64 1.1.0 9.39 81.55 90.94 OK
r-release-macos-arm64 1.1.0 44.00 OK
r-release-macos-x86_64 1.1.0 77.00 OK
r-release-windows-x86_64 1.1.0 12.00 91.00 103.00 OK
r-oldrel-macos-arm64 1.1.0 40.00 OK
r-oldrel-macos-x86_64 1.1.0 61.00 OK
r-oldrel-windows-x86_64 1.1.0 14.00 117.00 131.00 OK

Check Details

Version: 1.1.0
Check: examples
Result: NOTE Examples with CPU (user + system) or elapsed time > 5s user system elapsed GGRidge 4.97 0.052 6.084 Flavor: r-devel-linux-x86_64-debian-clang

Version: 1.1.0
Check: examples
Result: NOTE Examples with CPU (user + system) or elapsed time > 5s user system elapsed GGRidge 4.496 0.218 5.703 Flavor: r-devel-linux-x86_64-debian-gcc