Last updated on 2025-02-21 03:52:13 CET.
Flavor | Version | Tinstall | Tcheck | Ttotal | Status | Flags |
---|---|---|---|---|---|---|
r-devel-linux-x86_64-debian-clang | 1.4.5 | 24.61 | 239.27 | 263.88 | NOTE | |
r-devel-linux-x86_64-debian-gcc | 1.4.5 | 14.66 | 138.64 | 153.30 | NOTE | |
r-devel-linux-x86_64-fedora-clang | 1.4.5 | 435.23 | NOTE | |||
r-devel-linux-x86_64-fedora-gcc | 1.4.5 | 411.19 | NOTE | |||
r-devel-macos-arm64 | 1.4.5 | 86.00 | OK | |||
r-devel-macos-x86_64 | 1.4.5 | 252.00 | NOTE | |||
r-devel-windows-x86_64 | 1.4.5 | 22.00 | 189.00 | 211.00 | NOTE | |
r-patched-linux-x86_64 | 1.4.5 | 23.35 | 212.89 | 236.24 | OK | |
r-release-linux-x86_64 | 1.4.5 | 24.17 | 214.77 | 238.94 | OK | |
r-release-macos-arm64 | 1.4.5 | 108.00 | OK | |||
r-release-macos-x86_64 | 1.4.5 | 188.00 | OK | |||
r-release-windows-x86_64 | 1.4.5 | 24.00 | 189.00 | 213.00 | OK | |
r-oldrel-macos-arm64 | 1.4.5 | 107.00 | OK | |||
r-oldrel-macos-x86_64 | 1.4.5 | 189.00 | OK | |||
r-oldrel-windows-x86_64 | 1.4.5 | 32.00 | 243.00 | 275.00 | OK |
Version: 1.4.5
Check: DESCRIPTION meta-information
Result: NOTE
Missing dependency on R >= 4.1.0 because package code uses the pipe
|> or function shorthand \(...) syntax added in R 4.1.0.
File(s) using such syntax:
‘annual.R’ ‘anomaly.R’ ‘coverage.R’ ‘daily.R’ ‘flags.R’
‘get-country-shapefile.R’ ‘monthly.R’ ‘quarterly.R’ ‘s3_classes.R’
‘stations.R’ ‘utils.R’
Flavors: r-devel-linux-x86_64-debian-clang, r-devel-linux-x86_64-debian-gcc, r-devel-linux-x86_64-fedora-clang, r-devel-linux-x86_64-fedora-gcc, r-devel-macos-x86_64, r-devel-windows-x86_64