CRAN Package Check Results for Package GHS

Last updated on 2025-02-22 05:51:36 CET.

Flavor Version Tinstall Tcheck Ttotal Status Flags
r-devel-linux-x86_64-debian-clang 0.1 9.33 25.88 35.21 OK
r-devel-linux-x86_64-debian-gcc 0.1 4.81 19.38 24.19 OK
r-devel-linux-x86_64-fedora-clang 0.1 59.25 OK
r-devel-linux-x86_64-fedora-gcc 0.1 53.53 OK
r-devel-macos-arm64 0.1 20.00 OK
r-devel-macos-x86_64 0.1 35.00 OK
r-devel-windows-x86_64 0.1 8.00 51.00 59.00 OK
r-patched-linux-x86_64 0.1 8.18 23.50 31.68 NOTE
r-release-linux-x86_64 0.1 7.77 23.77 31.54 NOTE
r-release-macos-arm64 0.1 19.00 NOTE
r-release-macos-x86_64 0.1 30.00 NOTE
r-release-windows-x86_64 0.1 9.00 44.00 53.00 NOTE
r-oldrel-macos-arm64 0.1 19.00 NOTE
r-oldrel-macos-x86_64 0.1 28.00 NOTE
r-oldrel-windows-x86_64 0.1 9.00 44.00 53.00 NOTE

Check Details

Version: 0.1
Check: LazyData
Result: NOTE 'LazyData' is specified without a 'data' directory Flavors: r-patched-linux-x86_64, r-release-linux-x86_64, r-release-macos-arm64, r-release-macos-x86_64, r-release-windows-x86_64, r-oldrel-macos-arm64, r-oldrel-macos-x86_64, r-oldrel-windows-x86_64