CRAN Package Check Results for Package GHS

Last updated on 2025-04-30 04:50:07 CEST.

Flavor Version Tinstall Tcheck Ttotal Status Flags
r-devel-linux-x86_64-debian-clang 0.1 8.26 26.75 35.01 NOTE
r-devel-linux-x86_64-debian-gcc 0.1 4.98 19.37 24.35 NOTE
r-devel-linux-x86_64-fedora-clang 0.1 56.90 OK
r-devel-linux-x86_64-fedora-gcc 0.1 53.91 OK
r-devel-windows-x86_64 0.1 9.00 55.00 64.00 OK
r-patched-linux-x86_64 0.1 6.83 25.11 31.94 OK
r-release-linux-x86_64 0.1 7.76 25.17 32.93 OK
r-release-macos-arm64 0.1 20.00 OK
r-release-macos-x86_64 0.1 36.00 OK
r-release-windows-x86_64 0.1 8.00 52.00 60.00 OK
r-oldrel-macos-arm64 0.1 19.00 NOTE
r-oldrel-macos-x86_64 0.1 30.00 NOTE
r-oldrel-windows-x86_64 0.1 9.00 48.00 57.00 NOTE

Check Details

Version: 0.1
Check: CRAN incoming feasibility
Result: NOTE Maintainer: ‘Ashutosh Srivastava<srivas48@purdue.edu>’ No Authors@R field in DESCRIPTION. Please add one, modifying Authors@R: c(person(given = "Ashutosh", family = "Srivastava", role = c("aut", "cre"), email = "srivas48@purdue.edu"), person(given = "Anindya", family = "Bhadra", role = "aut", email = "bhadra@purdue.edu")) as necessary. The Description field contains <arXiv:1707.06661>. The function uses matrix decomposition and variable <arXiv:1508.03884>. Structure of the graphical horseshoe function was Please refer to arXiv e-prints via their arXiv DOI <doi:10.48550/arXiv.YYMM.NNNNN>. Flavors: r-devel-linux-x86_64-debian-clang, r-devel-linux-x86_64-debian-gcc

Version: 0.1
Check: examples
Result: NOTE Examples with CPU (user + system) or elapsed time > 5s user system elapsed GHS_est 6.631 0.073 10.028 Flavor: r-devel-linux-x86_64-debian-clang

Version: 0.1
Check: LazyData
Result: NOTE 'LazyData' is specified without a 'data' directory Flavors: r-oldrel-macos-arm64, r-oldrel-macos-x86_64, r-oldrel-windows-x86_64