Last updated on 2025-04-30 04:50:07 CEST.
Flavor | Version | Tinstall | Tcheck | Ttotal | Status | Flags |
---|---|---|---|---|---|---|
r-devel-linux-x86_64-debian-clang | 1.0.0 | 4.46 | 51.07 | 55.53 | NOTE | |
r-devel-linux-x86_64-debian-gcc | 1.0.0 | 3.48 | 37.87 | 41.35 | NOTE | |
r-devel-linux-x86_64-fedora-clang | 1.0.0 | 77.60 | OK | |||
r-devel-linux-x86_64-fedora-gcc | 1.0.0 | 77.48 | OK | |||
r-devel-windows-x86_64 | 1.0.0 | 6.00 | 67.00 | 73.00 | OK | |
r-patched-linux-x86_64 | 1.0.0 | 4.49 | 48.66 | 53.15 | OK | |
r-release-linux-x86_64 | 1.0.0 | 4.58 | 49.15 | 53.73 | OK | |
r-release-macos-arm64 | 1.0.0 | 46.00 | OK | |||
r-release-macos-x86_64 | 1.0.0 | 51.00 | OK | |||
r-release-windows-x86_64 | 1.0.0 | 6.00 | 67.00 | 73.00 | OK | |
r-oldrel-macos-arm64 | 1.0.0 | 28.00 | OK | |||
r-oldrel-macos-x86_64 | 1.0.0 | 43.00 | OK | |||
r-oldrel-windows-x86_64 | 1.0.0 | 8.00 | 78.00 | 86.00 | OK |
Version: 1.0.0
Check: examples
Result: NOTE
Examples with CPU (user + system) or elapsed time > 5s
user system elapsed
iteration 5.746 0.046 7.077
GIC 5.242 0.095 6.592
Flavor: r-devel-linux-x86_64-debian-clang
Version: 1.0.0
Check: examples
Result: NOTE
Examples with CPU (user + system) or elapsed time > 5s
user system elapsed
iteration 4.491 0.054 5.394
Flavor: r-devel-linux-x86_64-debian-gcc