CRAN Package Check Results for Package GInSARCorW

Last updated on 2025-04-30 04:50:07 CEST.

Flavor Version Tinstall Tcheck Ttotal Status Flags
r-devel-linux-x86_64-debian-clang 1.15.8 25.63 227.90 253.53 NOTE
r-devel-linux-x86_64-debian-gcc 1.15.8 17.78 146.13 163.91 NOTE
r-devel-linux-x86_64-fedora-clang 1.15.8 410.57 OK
r-devel-linux-x86_64-fedora-gcc 1.15.8 400.86 OK
r-devel-windows-x86_64 1.15.8 24.00 183.00 207.00 OK
r-patched-linux-x86_64 1.15.8 24.71 213.16 237.87 OK
r-release-linux-x86_64 1.15.8 25.60 214.34 239.94 OK
r-release-macos-arm64 1.15.8 92.00 OK
r-release-macos-x86_64 1.15.8 188.00 OK
r-release-windows-x86_64 1.15.8 24.00 177.00 201.00 OK
r-oldrel-macos-arm64 1.15.8 81.00 OK
r-oldrel-macos-x86_64 1.15.8 135.00 OK
r-oldrel-windows-x86_64 1.15.8 30.00 245.00 275.00 OK

Check Details

Version: 1.15.8
Check: CRAN incoming feasibility
Result: NOTE Maintainer: ‘Subhadip Datta <subhadipdatta007@gmail.com>’ No Authors@R field in DESCRIPTION. Please add one, modifying Authors@R: person(given = "Subhadip", family = "Datta", role = c("aut", "cre"), email = "subhadipdatta007@gmail.com") as necessary. Flavors: r-devel-linux-x86_64-debian-clang, r-devel-linux-x86_64-debian-gcc