Last updated on 2025-04-30 04:50:07 CEST.
Flavor | Version | Tinstall | Tcheck | Ttotal | Status | Flags |
---|---|---|---|---|---|---|
r-devel-linux-x86_64-debian-clang | 0.1.3 | 1.74 | 26.35 | 28.09 | NOTE | |
r-devel-linux-x86_64-debian-gcc | 0.1.3 | 1.16 | 20.40 | 21.56 | NOTE | |
r-devel-linux-x86_64-fedora-clang | 0.1.3 | 42.93 | OK | |||
r-devel-linux-x86_64-fedora-gcc | 0.1.3 | 43.33 | OK | |||
r-devel-windows-x86_64 | 0.1.3 | 3.00 | 48.00 | 51.00 | OK | |
r-patched-linux-x86_64 | 0.1.3 | 1.76 | 24.58 | 26.34 | OK | |
r-release-linux-x86_64 | 0.1.3 | 1.59 | 24.67 | 26.26 | OK | |
r-release-macos-arm64 | 0.1.3 | 20.00 | OK | |||
r-release-macos-x86_64 | 0.1.3 | 32.00 | OK | |||
r-release-windows-x86_64 | 0.1.3 | 2.00 | 51.00 | 53.00 | OK | |
r-oldrel-macos-arm64 | 0.1.3 | 18.00 | OK | |||
r-oldrel-macos-x86_64 | 0.1.3 | 37.00 | OK | |||
r-oldrel-windows-x86_64 | 0.1.3 | 3.00 | 54.00 | 57.00 | OK |
Version: 0.1.3
Check: CRAN incoming feasibility
Result: NOTE
Maintainer: ‘Thomas J. Leeper <thosjleeper@gmail.com>’
Package CITATION file contains call(s) to old-style personList() or
as.personList(). Please use c() on person objects instead.
Package CITATION file contains call(s) to old-style citEntry(). Please
use bibentry() instead.
Flavors: r-devel-linux-x86_64-debian-clang, r-devel-linux-x86_64-debian-gcc
Version: 0.1.3
Check: examples
Result: NOTE
Examples with CPU (user + system) or elapsed time > 5s
user system elapsed
ajps 4.779 0.014 5.346
Flavor: r-devel-linux-x86_64-debian-clang