Last updated on 2025-04-30 04:50:07 CEST.
Flavor | Version | Tinstall | Tcheck | Ttotal | Status | Flags |
---|---|---|---|---|---|---|
r-devel-linux-x86_64-debian-clang | 1.1.1 | 4.22 | 47.73 | 51.95 | NOTE | |
r-devel-linux-x86_64-debian-gcc | 1.1.1 | 2.77 | 34.31 | 37.08 | NOTE | |
r-devel-linux-x86_64-fedora-clang | 1.1.1 | 82.35 | OK | |||
r-devel-linux-x86_64-fedora-gcc | 1.1.1 | 81.43 | OK | |||
r-devel-windows-x86_64 | 1.1.1 | 5.00 | 75.00 | 80.00 | NOTE | |
r-patched-linux-x86_64 | 1.1.1 | 4.49 | 45.18 | 49.67 | NOTE | |
r-release-linux-x86_64 | 1.1.1 | 3.27 | 44.95 | 48.22 | NOTE | |
r-release-macos-arm64 | 1.1.1 | 27.00 | OK | |||
r-release-macos-x86_64 | 1.1.1 | 59.00 | OK | |||
r-release-windows-x86_64 | 1.1.1 | 5.00 | 78.00 | 83.00 | NOTE | |
r-oldrel-macos-arm64 | 1.1.1 | 28.00 | OK | |||
r-oldrel-macos-x86_64 | 1.1.1 | 40.00 | OK | |||
r-oldrel-windows-x86_64 | 1.1.1 | 6.00 | 86.00 | 92.00 | OK |
Version: 1.1.1
Check: Rd cross-references
Result: NOTE
Found the following Rd file(s) with Rd \link{} targets missing package
anchors:
GLD.lm.Rd: fun.RMFMKL.ml.m, fun.RMFMKL.ml, fun.RMFMKL.lm,
fun.RPRS.ml.m, fun.RPRS.ml, fun.RPRS.lm
GLD.lm.full.Rd: fun.RMFMKL.ml.m, fun.RMFMKL.ml, fun.RMFMKL.lm,
fun.RPRS.ml.m, fun.RPRS.ml, fun.RPRS.lm
GLD.lm.full.surv.Rd: fun.RMFMKL.ml.m, fun.RMFMKL.ml, fun.RPRS.ml.m,
fun.RPRS.ml
GLD.lm.surv.Rd: fun.RMFMKL.ml.m, fun.RMFMKL.ml, fun.RPRS.ml.m,
fun.RPRS.ml
qqgld.default.Rd: qqplot.gld, qqplot.gld.bi
Please provide package anchors for all Rd \link{} targets not in the
package itself and the base packages.
Flavors: r-devel-linux-x86_64-debian-clang, r-devel-linux-x86_64-debian-gcc, r-devel-windows-x86_64, r-patched-linux-x86_64, r-release-linux-x86_64, r-release-windows-x86_64
Version: 1.1.1
Check: examples
Result: NOTE
Examples with CPU (user + system) or elapsed time > 5s
user system elapsed
GLDreg-package 4.308 0.027 5.64
Flavor: r-devel-linux-x86_64-debian-clang