CRAN Package Check Results for Package GMCM

Last updated on 2025-04-30 04:50:07 CEST.

Flavor Version Tinstall Tcheck Ttotal Status Flags
r-devel-linux-x86_64-debian-clang 1.4 24.01 166.48 190.49 NOTE
r-devel-linux-x86_64-debian-gcc 1.4 16.39 113.66 130.05 NOTE
r-devel-linux-x86_64-fedora-clang 1.4 308.54 NOTE
r-devel-linux-x86_64-fedora-gcc 1.4 324.45 NOTE
r-devel-windows-x86_64 1.4 29.00 255.00 284.00 NOTE
r-patched-linux-x86_64 1.4 25.09 158.68 183.77 NOTE
r-release-linux-x86_64 1.4 24.29 155.50 179.79 NOTE
r-release-macos-arm64 1.4 124.00 NOTE
r-release-macos-x86_64 1.4 210.00 NOTE
r-release-windows-x86_64 1.4 30.00 259.00 289.00 NOTE
r-oldrel-macos-arm64 1.4 95.00 NOTE
r-oldrel-macos-x86_64 1.4 266.00 NOTE
r-oldrel-windows-x86_64 1.4 32.00 316.00 348.00 NOTE

Check Details

Version: 1.4
Check: Rd files
Result: NOTE checkRd: (-1) rtheta.Rd:50-76: Lost braces in \itemize; meant \describe ? Flavors: r-devel-linux-x86_64-debian-clang, r-devel-linux-x86_64-debian-gcc, r-devel-linux-x86_64-fedora-clang, r-devel-linux-x86_64-fedora-gcc, r-devel-windows-x86_64, r-patched-linux-x86_64, r-release-linux-x86_64, r-release-macos-arm64, r-release-macos-x86_64, r-release-windows-x86_64, r-oldrel-macos-arm64, r-oldrel-macos-x86_64, r-oldrel-windows-x86_64