CRAN Package Check Results for Package GMDH2

Last updated on 2025-04-30 04:50:07 CEST.

Flavor Version Tinstall Tcheck Ttotal Status Flags
r-devel-linux-x86_64-debian-clang 1.8 12.05 96.20 108.25 NOTE
r-devel-linux-x86_64-debian-gcc 1.8 9.14 66.34 75.48 NOTE
r-devel-linux-x86_64-fedora-clang 1.8 158.71 OK
r-devel-linux-x86_64-fedora-gcc 1.8 156.47 OK
r-devel-windows-x86_64 1.8 14.00 98.00 112.00 OK
r-patched-linux-x86_64 1.8 13.71 89.84 103.55 OK
r-release-linux-x86_64 1.8 10.24 89.76 100.00 OK
r-release-macos-arm64 1.8 47.00 OK
r-release-macos-x86_64 1.8 82.00 OK
r-release-windows-x86_64 1.8 14.00 99.00 113.00 OK
r-oldrel-macos-arm64 1.8 44.00 OK
r-oldrel-macos-x86_64 1.8 103.00 OK
r-oldrel-windows-x86_64 1.8 17.00 125.00 142.00 OK

Check Details

Version: 1.8
Check: CRAN incoming feasibility
Result: NOTE Maintainer: ‘Osman Dag <osman.dag@outlook.com>’ No Authors@R field in DESCRIPTION. Please add one, modifying Authors@R: c(person(given = "Osman", family = "Dag", role = c("aut", "cre"), email = "osman.dag@outlook.com"), person(given = "Erdem", family = "Karabulut", role = "aut"), person(given = "Reha", family = "Alpar", role = "aut"), person(given = "Merve", family = "Kasikci", role = "ctb")) as necessary. Flavors: r-devel-linux-x86_64-debian-clang, r-devel-linux-x86_64-debian-gcc