Last updated on 2025-11-02 03:51:39 CET.
| Flavor | Version | Tinstall | Tcheck | Ttotal | Status | Flags |
|---|---|---|---|---|---|---|
| r-devel-linux-x86_64-debian-clang | 0.2.3 | 2.88 | 34.94 | 37.82 | NOTE | |
| r-devel-linux-x86_64-debian-gcc | 0.2.3 | 2.61 | 25.74 | 28.35 | NOTE | |
| r-devel-linux-x86_64-fedora-clang | 0.2.3 | 55.25 | OK | |||
| r-devel-linux-x86_64-fedora-gcc | 0.2.3 | 66.07 | OK | |||
| r-devel-windows-x86_64 | 0.2.3 | 4.00 | 55.00 | 59.00 | OK | |
| r-patched-linux-x86_64 | 0.2.3 | 3.67 | 32.69 | 36.36 | OK | |
| r-release-linux-x86_64 | 0.2.3 | 3.30 | 33.31 | 36.61 | OK | |
| r-release-macos-arm64 | 0.2.3 | 1.00 | 24.00 | 25.00 | OK | |
| r-release-macos-x86_64 | 0.2.3 | 3.00 | 44.00 | 47.00 | OK | |
| r-release-windows-x86_64 | 0.2.3 | 4.00 | 54.00 | 58.00 | OK | |
| r-oldrel-macos-arm64 | 0.2.3 | 1.00 | 23.00 | 24.00 | OK | |
| r-oldrel-macos-x86_64 | 0.2.3 | 2.00 | 45.00 | 47.00 | OK | |
| r-oldrel-windows-x86_64 | 0.2.3 | 6.00 | 62.00 | 68.00 | OK |
Version: 0.2.3
Check: CRAN incoming feasibility
Result: NOTE
Maintainer: ‘Manuel Villacorta Tilve <mvt.oviedo@gmail.com>’
No Authors@R field in DESCRIPTION.
Please add one, modifying
Authors@R: person(given = c("Manuel", "Villacorta"),
family = "Tilve",
role = c("aut", "cre"),
email = "mvt.oviedo@gmail.com")
as necessary.
Flavors: r-devel-linux-x86_64-debian-clang, r-devel-linux-x86_64-debian-gcc