CRAN Package Check Results for Package GMDHreg

Last updated on 2025-04-30 04:50:07 CEST.

Flavor Version Tinstall Tcheck Ttotal Status Flags
r-devel-linux-x86_64-debian-clang 0.2.3 3.13 32.50 35.63 NOTE
r-devel-linux-x86_64-debian-gcc 0.2.3 2.80 24.50 27.30 NOTE
r-devel-linux-x86_64-fedora-clang 0.2.3 57.04 OK
r-devel-linux-x86_64-fedora-gcc 0.2.3 71.19 OK
r-devel-windows-x86_64 0.2.3 5.00 54.00 59.00 OK
r-patched-linux-x86_64 0.2.3 3.77 31.55 35.32 OK
r-release-linux-x86_64 0.2.3 3.27 31.24 34.51 OK
r-release-macos-arm64 0.2.3 25.00 OK
r-release-macos-x86_64 0.2.3 47.00 OK
r-release-windows-x86_64 0.2.3 4.00 58.00 62.00 OK
r-oldrel-macos-arm64 0.2.3 24.00 OK
r-oldrel-macos-x86_64 0.2.3 47.00 OK
r-oldrel-windows-x86_64 0.2.3 5.00 62.00 67.00 OK

Check Details

Version: 0.2.3
Check: CRAN incoming feasibility
Result: NOTE Maintainer: ‘Manuel Villacorta Tilve <mvt.oviedo@gmail.com>’ No Authors@R field in DESCRIPTION. Please add one, modifying Authors@R: person(given = c("Manuel", "Villacorta"), family = "Tilve", role = c("aut", "cre"), email = "mvt.oviedo@gmail.com") as necessary. Flavors: r-devel-linux-x86_64-debian-clang, r-devel-linux-x86_64-debian-gcc