Last updated on 2025-04-30 04:50:07 CEST.
Flavor | Version | Tinstall | Tcheck | Ttotal | Status | Flags |
---|---|---|---|---|---|---|
r-devel-linux-x86_64-debian-clang | 1.4.2 | 45.74 | 242.02 | 287.76 | OK | |
r-devel-linux-x86_64-debian-gcc | 1.4.2 | 35.95 | 201.87 | 237.82 | OK | |
r-devel-linux-x86_64-fedora-clang | 1.4.2 | 479.05 | OK | |||
r-devel-linux-x86_64-fedora-gcc | 1.4.2 | 523.75 | OK | |||
r-devel-windows-x86_64 | 1.4.2 | 64.00 | 311.00 | 375.00 | OK | |
r-patched-linux-x86_64 | 1.4.2 | 52.01 | 261.43 | 313.44 | OK | |
r-release-linux-x86_64 | 1.4.2 | 50.08 | 263.08 | 313.16 | OK | |
r-release-macos-arm64 | 1.4.2 | 208.00 | OK | |||
r-release-macos-x86_64 | 1.4.2 | 426.00 | OK | |||
r-release-windows-x86_64 | 1.4.2 | 64.00 | 321.00 | 385.00 | OK | |
r-oldrel-macos-arm64 | 1.4.2 | 175.00 | NOTE | |||
r-oldrel-macos-x86_64 | 1.4.2 | 396.00 | NOTE | |||
r-oldrel-windows-x86_64 | 1.4.2 | 76.00 | 397.00 | 473.00 | NOTE |
Version: 1.4.2
Check: package dependencies
Result: NOTE
Packages suggested but not available for checking:
'SeqArray', 'SeqVarTools'
Flavor: r-oldrel-macos-arm64
Version: 1.4.2
Check: installed package size
Result: NOTE
installed size is 7.6Mb
sub-directories of 1Mb or more:
libs 5.7Mb
Flavors: r-oldrel-macos-arm64, r-oldrel-macos-x86_64
Version: 1.4.2
Check: package dependencies
Result: NOTE
Package suggested but not available for checking: 'doMC'
Flavor: r-oldrel-windows-x86_64