Last updated on 2025-07-05 04:50:16 CEST.
Flavor | Version | Tinstall | Tcheck | Ttotal | Status | Flags |
---|---|---|---|---|---|---|
r-devel-linux-x86_64-debian-clang | 1.4.2 | 45.40 | 234.71 | 280.11 | OK | |
r-devel-linux-x86_64-debian-gcc | 1.4.2 | 35.63 | 198.20 | 233.83 | OK | |
r-devel-linux-x86_64-fedora-clang | 1.4.2 | 430.95 | OK | |||
r-devel-linux-x86_64-fedora-gcc | 1.4.2 | 478.60 | OK | |||
r-devel-windows-x86_64 | 1.4.2 | 63.00 | 310.00 | 373.00 | OK | |
r-patched-linux-x86_64 | 1.4.2 | 50.05 | 269.60 | 319.65 | OK | |
r-release-linux-x86_64 | 1.4.2 | 46.89 | 260.45 | 307.34 | OK | |
r-release-macos-arm64 | 1.4.2 | 208.00 | OK | |||
r-release-macos-x86_64 | 1.4.2 | 426.00 | OK | |||
r-release-windows-x86_64 | 1.4.2 | 64.00 | 300.00 | 364.00 | OK | |
r-oldrel-macos-arm64 | 1.4.2 | 175.00 | NOTE | |||
r-oldrel-macos-x86_64 | 1.4.2 | 396.00 | NOTE | |||
r-oldrel-windows-x86_64 | 1.4.2 | 80.00 | 393.00 | 473.00 | NOTE |
Version: 1.4.2
Check: package dependencies
Result: NOTE
Packages suggested but not available for checking:
'SeqArray', 'SeqVarTools'
Flavor: r-oldrel-macos-arm64
Version: 1.4.2
Check: installed package size
Result: NOTE
installed size is 7.6Mb
sub-directories of 1Mb or more:
libs 5.7Mb
Flavors: r-oldrel-macos-arm64, r-oldrel-macos-x86_64
Version: 1.4.2
Check: package dependencies
Result: NOTE
Package suggested but not available for checking: 'doMC'
Flavor: r-oldrel-windows-x86_64