Last updated on 2025-02-21 03:52:13 CET.
Flavor | Version | Tinstall | Tcheck | Ttotal | Status | Flags |
---|---|---|---|---|---|---|
r-devel-linux-x86_64-debian-clang | 1.0.2.1 | 14.69 | 94.89 | 109.58 | OK | |
r-devel-linux-x86_64-debian-gcc | 1.0.2.1 | 9.52 | 65.06 | 74.58 | OK | |
r-devel-linux-x86_64-fedora-clang | 1.0.2.1 | 181.60 | NOTE | |||
r-devel-linux-x86_64-fedora-gcc | 1.0.2.1 | 164.12 | NOTE | |||
r-devel-macos-arm64 | 1.0.2.1 | 63.00 | OK | |||
r-devel-macos-x86_64 | 1.0.2.1 | 129.00 | OK | |||
r-devel-windows-x86_64 | 1.0.2.1 | 14.00 | 112.00 | 126.00 | OK | |
r-patched-linux-x86_64 | 1.0.2.1 | 13.58 | 88.25 | 101.83 | OK | |
r-release-linux-x86_64 | 1.0.2.1 | 12.00 | 88.39 | 100.39 | OK | |
r-release-macos-arm64 | 1.0.2.1 | 54.00 | OK | |||
r-release-macos-x86_64 | 1.0.2.1 | 83.00 | OK | |||
r-release-windows-x86_64 | 1.0.2.1 | 14.00 | 108.00 | 122.00 | OK | |
r-oldrel-macos-arm64 | 1.0.2.1 | 60.00 | OK | |||
r-oldrel-macos-x86_64 | 1.0.2.1 | 98.00 | OK | |||
r-oldrel-windows-x86_64 | 1.0.2.1 | 19.00 | 137.00 | 156.00 | OK |
Version: 1.0.2.1
Check: dependencies in R code
Result: NOTE
Namespaces in Imports field not imported from:
‘base’ ‘methods’
All declared Imports should be used.
Flavors: r-devel-linux-x86_64-fedora-clang, r-devel-linux-x86_64-fedora-gcc