Last updated on 2025-04-30 04:50:07 CEST.
Flavor | Version | Tinstall | Tcheck | Ttotal | Status | Flags |
---|---|---|---|---|---|---|
r-devel-linux-x86_64-debian-clang | 2025.3-1 | 3.03 | 190.10 | 193.13 | NOTE | |
r-devel-linux-x86_64-debian-gcc | 2025.3-1 | 2.18 | 101.17 | 103.35 | NOTE | |
r-devel-linux-x86_64-fedora-clang | 2025.3-1 | 301.56 | OK | |||
r-devel-linux-x86_64-fedora-gcc | 2025.3-1 | 1582.16 | OK | |||
r-devel-windows-x86_64 | 2025.3-1 | 5.00 | 181.00 | 186.00 | OK | |
r-patched-linux-x86_64 | 2025.3-1 | 4.06 | 178.38 | 182.44 | OK | |
r-release-linux-x86_64 | 2025.3-1 | 2.32 | 178.93 | 181.25 | OK | |
r-release-macos-arm64 | 2025.3-1 | 338.00 | OK | |||
r-release-macos-x86_64 | 2025.3-1 | 697.00 | OK | |||
r-release-windows-x86_64 | 2025.3-1 | 7.00 | 200.00 | 207.00 | OK | |
r-oldrel-macos-arm64 | 2025.3-1 | 388.00 | OK | |||
r-oldrel-macos-x86_64 | 2025.3-1 | 799.00 | OK | |||
r-oldrel-windows-x86_64 | 2025.3-1 | 6.00 | 177.00 | 183.00 | OK |
Version: 2025.3-1
Check: examples
Result: NOTE
Examples with CPU (user + system) or elapsed time > 5s
user system elapsed
rotations 11.185 0.016 14.283
GPA 8.179 0.001 11.763
Flavor: r-devel-linux-x86_64-debian-clang
Version: 2025.3-1
Check: examples
Result: NOTE
Examples with CPU (user + system) or elapsed time > 5s
user system elapsed
rotations 4.946 0.028 5.755
Flavor: r-devel-linux-x86_64-debian-gcc