Last updated on 2025-04-30 04:50:07 CEST.
Flavor | Version | Tinstall | Tcheck | Ttotal | Status | Flags |
---|---|---|---|---|---|---|
r-devel-linux-x86_64-debian-clang | 0.1.0-6 | 172.52 | 40.67 | 213.19 | OK | |
r-devel-linux-x86_64-debian-gcc | 0.1.0-6 | 138.58 | 37.21 | 175.79 | OK | |
r-devel-linux-x86_64-fedora-clang | 0.1.0-6 | 338.07 | OK | |||
r-devel-linux-x86_64-fedora-gcc | 0.1.0-6 | 431.96 | OK | |||
r-devel-windows-x86_64 | 0.1.0-6 | 151.00 | 94.00 | 245.00 | OK | |
r-patched-linux-x86_64 | 0.1.0-6 | 187.81 | 48.57 | 236.38 | OK | |
r-release-linux-x86_64 | 0.1.0-6 | 192.19 | 49.17 | 241.36 | OK | |
r-release-macos-arm64 | 0.1.0-6 | 87.00 | OK | |||
r-release-macos-x86_64 | 0.1.0-6 | 114.00 | OK | |||
r-release-windows-x86_64 | 0.1.0-6 | 152.00 | 96.00 | 248.00 | OK | |
r-oldrel-macos-arm64 | 0.1.0-6 | 92.00 | NOTE | |||
r-oldrel-macos-x86_64 | 0.1.0-6 | 90.00 | NOTE | |||
r-oldrel-windows-x86_64 | 0.1.0-6 | 173.00 | 112.00 | 285.00 | OK |
Version: 0.1.0-6
Check: installed package size
Result: NOTE
installed size is 35.8Mb
sub-directories of 1Mb or more:
libs 35.4Mb
Flavors: r-oldrel-macos-arm64, r-oldrel-macos-x86_64