Last updated on 2025-04-30 04:50:07 CEST.
Flavor | Version | Tinstall | Tcheck | Ttotal | Status | Flags |
---|---|---|---|---|---|---|
r-devel-linux-x86_64-debian-clang | 0.1.1 | 8.76 | 146.17 | 154.93 | NOTE | |
r-devel-linux-x86_64-debian-gcc | 0.1.1 | 5.93 | 103.16 | 109.09 | NOTE | |
r-devel-linux-x86_64-fedora-clang | 0.1.1 | 254.31 | OK | |||
r-devel-linux-x86_64-fedora-gcc | 0.1.1 | 255.45 | OK | |||
r-devel-windows-x86_64 | 0.1.1 | 9.00 | 171.00 | 180.00 | OK | |
r-patched-linux-x86_64 | 0.1.1 | 9.63 | 145.61 | 155.24 | OK | |
r-release-linux-x86_64 | 0.1.1 | 7.88 | 148.25 | 156.13 | OK | |
r-release-macos-arm64 | 0.1.1 | 76.00 | OK | |||
r-release-macos-x86_64 | 0.1.1 | 158.00 | OK | |||
r-release-windows-x86_64 | 0.1.1 | 10.00 | 174.00 | 184.00 | OK | |
r-oldrel-macos-arm64 | 0.1.1 | 74.00 | OK | |||
r-oldrel-macos-x86_64 | 0.1.1 | 155.00 | OK | |||
r-oldrel-windows-x86_64 | 0.1.1 | 12.00 | 235.00 | 247.00 | OK |
Version: 0.1.1
Check: examples
Result: NOTE
Examples with CPU (user + system) or elapsed time > 5s
user system elapsed
gpcm 6.072 0.135 8.055
Flavor: r-devel-linux-x86_64-debian-clang
Version: 0.1.1
Check: examples
Result: NOTE
Examples with CPU (user + system) or elapsed time > 5s
user system elapsed
gpcm 4.133 0.078 6.269
Flavor: r-devel-linux-x86_64-debian-gcc