Last updated on 2025-04-30 04:50:07 CEST.
Flavor | Version | Tinstall | Tcheck | Ttotal | Status | Flags |
---|---|---|---|---|---|---|
r-devel-linux-x86_64-debian-clang | 1.5 | 3.38 | 173.38 | 176.76 | NOTE | |
r-devel-linux-x86_64-debian-gcc | 1.5 | 2.56 | 130.63 | 133.19 | NOTE | |
r-devel-linux-x86_64-fedora-clang | 1.5 | 304.62 | OK | |||
r-devel-linux-x86_64-fedora-gcc | 1.5 | 291.17 | OK | |||
r-devel-windows-x86_64 | 1.5 | 4.00 | 178.00 | 182.00 | OK | |
r-patched-linux-x86_64 | 1.5 | 3.52 | 178.79 | 182.31 | OK | |
r-release-linux-x86_64 | 1.5 | 3.33 | 163.42 | 166.75 | OK | |
r-release-macos-arm64 | 1.5 | 77.00 | OK | |||
r-release-macos-x86_64 | 1.5 | 187.00 | OK | |||
r-release-windows-x86_64 | 1.5 | 4.00 | 188.00 | 192.00 | OK | |
r-oldrel-macos-arm64 | 1.5 | 81.00 | OK | |||
r-oldrel-macos-x86_64 | 1.5 | 152.00 | OK | |||
r-oldrel-windows-x86_64 | 1.5 | 4.00 | 252.00 | 256.00 | OK |
Version: 1.5
Check: CRAN incoming feasibility
Result: NOTE
Maintainer: ‘Cyprien Mbogning <cyprien.mbogning@gmail.com>’
No Authors@R field in DESCRIPTION.
Please add one, modifying
Authors@R: c(person(given = "Cyprien",
family = "Mbogning",
role = c("aut", "cre"),
email = "cyprien.mbogning@inserm.fr"),
person(given = "Wilson",
family = "Toussile",
role = "aut"))
as necessary.
Flavors: r-devel-linux-x86_64-debian-clang, r-devel-linux-x86_64-debian-gcc
Version: 1.5
Check: examples
Result: NOTE
Examples with CPU (user + system) or elapsed time > 5s
user system elapsed
best.tree.BIC.AIC 3.87 0.03 5.149
Flavor: r-devel-linux-x86_64-debian-clang