Last updated on 2025-04-30 04:50:07 CEST.
Flavor | Version | Tinstall | Tcheck | Ttotal | Status | Flags |
---|---|---|---|---|---|---|
r-devel-linux-x86_64-debian-clang | 0.1.0 | 19.09 | 100.19 | 119.28 | NOTE | |
r-devel-linux-x86_64-debian-gcc | 0.1.0 | 13.67 | 74.43 | 88.10 | NOTE | |
r-devel-linux-x86_64-fedora-clang | 0.1.0 | 184.37 | OK | |||
r-devel-linux-x86_64-fedora-gcc | 0.1.0 | 176.74 | OK | |||
r-devel-windows-x86_64 | 0.1.0 | 15.00 | 100.00 | 115.00 | OK | |
r-patched-linux-x86_64 | 0.1.0 | 19.66 | 98.53 | 118.19 | OK | |
r-release-linux-x86_64 | 0.1.0 | 19.18 | 97.06 | 116.24 | OK | |
r-release-macos-arm64 | 0.1.0 | 45.00 | OK | |||
r-release-macos-x86_64 | 0.1.0 | 81.00 | OK | |||
r-release-windows-x86_64 | 0.1.0 | 15.00 | 98.00 | 113.00 | OK | |
r-oldrel-macos-arm64 | 0.1.0 | 44.00 | OK | |||
r-oldrel-macos-x86_64 | 0.1.0 | 93.00 | OK | |||
r-oldrel-windows-x86_64 | 0.1.0 | 20.00 | 118.00 | 138.00 | OK |
Version: 0.1.0
Check: CRAN incoming feasibility
Result: NOTE
Maintainer: ‘Ali Ghanbari <a.ghanbari541@gmail.com>’
No Authors@R field in DESCRIPTION.
Please add one, modifying
Authors@R: c(person(given = "Parinaz",
family = "Mehdipour",
role = "aut",
email = "mehdipoor.p@gmail.com"),
person(given = "Ali",
family = "Ghanbari",
role = c("cre", "aut"),
email = "a.ghanbari541@gmail.com"),
person(given = "Iman",
family = "Navidi",
role = "aut",
email = "iman.navidi.1988@gmail.com"),
person(given = "Farshad",
family = "Farzadfar",
role = "cph",
email = "farzadfar3@yahoo.com"))
as necessary.
Flavors: r-devel-linux-x86_64-debian-clang, r-devel-linux-x86_64-debian-gcc