Last updated on 2025-04-30 04:50:07 CEST.
Flavor | Version | Tinstall | Tcheck | Ttotal | Status | Flags |
---|---|---|---|---|---|---|
r-devel-linux-x86_64-debian-clang | 1.1.8 | 25.78 | 117.71 | 143.49 | NOTE | --no-vignettes |
r-devel-linux-x86_64-debian-gcc | 1.1.8 | 18.80 | 87.84 | 106.64 | NOTE | --no-vignettes |
r-devel-linux-x86_64-fedora-clang | 1.1.8 | 1426.37 | OK | |||
r-devel-linux-x86_64-fedora-gcc | 1.1.8 | 1495.04 | NOTE | |||
r-devel-windows-x86_64 | 1.1.8 | 32.00 | 161.00 | 193.00 | OK | --no-vignettes |
r-patched-linux-x86_64 | 1.1.8 | 28.18 | 111.35 | 139.53 | OK | --no-vignettes |
r-release-linux-x86_64 | 1.1.8 | 26.89 | 112.38 | 139.27 | OK | --no-vignettes |
r-release-macos-arm64 | 1.1.8 | 393.00 | OK | |||
r-release-macos-x86_64 | 1.1.8 | 815.00 | OK | |||
r-release-windows-x86_64 | 1.1.8 | 33.00 | 138.00 | 171.00 | OK | --no-vignettes |
r-oldrel-macos-arm64 | 1.1.8 | 303.00 | OK | |||
r-oldrel-macos-x86_64 | 1.1.8 | 640.00 | OK | |||
r-oldrel-windows-x86_64 | 1.1.8 | 38.00 | 184.00 | 222.00 | OK | --no-vignettes |
Version: 1.1.8
Flags: --no-vignettes
Check: CRAN incoming feasibility
Result: NOTE
Maintainer: ‘Mickael Binois <mickael.binois@inria.fr>’
No Authors@R field in DESCRIPTION.
Please add one, modifying
Authors@R: c(person(given = "Mickael",
family = "Binois",
role = c("aut", "cre"),
email = "mickael.binois@inria.fr"),
person(given = "Victor",
family = "Picheny",
role = "aut"))
as necessary.
Flavors: r-devel-linux-x86_64-debian-clang, r-devel-linux-x86_64-debian-gcc
Version: 1.1.8
Check: Rd cross-references
Result: NOTE
Unknown package ‘DiceOptim’ in Rd xrefs
Flavor: r-devel-linux-x86_64-fedora-gcc