Last updated on 2025-04-30 04:50:07 CEST.
Flavor | Version | Tinstall | Tcheck | Ttotal | Status | Flags |
---|---|---|---|---|---|---|
r-devel-linux-x86_64-debian-clang | 1.4 | 8.99 | 586.32 | 595.31 | NOTE | |
r-devel-linux-x86_64-debian-gcc | 1.4 | 6.95 | 376.42 | 383.37 | NOTE | |
r-devel-linux-x86_64-fedora-clang | 1.4 | 967.45 | OK | |||
r-devel-linux-x86_64-fedora-gcc | 1.4 | 963.05 | OK | |||
r-devel-windows-x86_64 | 1.4 | 12.00 | 141.00 | 153.00 | OK | --no-vignettes |
r-patched-linux-x86_64 | 1.4 | 9.17 | 560.62 | 569.79 | OK | |
r-release-linux-x86_64 | 1.4 | 8.64 | 556.68 | 565.32 | OK | |
r-release-macos-arm64 | 1.4 | 309.00 | OK | |||
r-release-macos-x86_64 | 1.4 | 469.00 | OK | |||
r-release-windows-x86_64 | 1.4 | 11.00 | 120.00 | 131.00 | OK | --no-vignettes |
r-oldrel-macos-arm64 | 1.4 | 216.00 | NOTE | |||
r-oldrel-macos-x86_64 | 1.4 | 393.00 | NOTE | |||
r-oldrel-windows-x86_64 | 1.4 | 13.00 | 140.00 | 153.00 | NOTE | --no-vignettes |
Version: 1.4
Check: examples
Result: NOTE
Examples with CPU (user + system) or elapsed time > 5s
user system elapsed
numiMultiX 7.157 0.004 9.684
gPoMo 6.765 0.013 9.629
pTimEv 6.713 0.047 9.631
numinoisy 5.750 0.054 8.202
predictab 4.019 0.023 5.597
Flavor: r-devel-linux-x86_64-debian-clang
Version: 1.4
Check: examples
Result: NOTE
Examples with CPU (user + system) or elapsed time > 5s
user system elapsed
pTimEv 4.563 0.000 5.919
gPoMo 4.002 0.014 5.149
numiMultiX 3.798 0.011 5.255
Flavor: r-devel-linux-x86_64-debian-gcc
Version: 1.4
Check: installed package size
Result: NOTE
installed size is 5.2Mb
sub-directories of 1Mb or more:
data 1.4Mb
doc 3.5Mb
Flavors: r-oldrel-macos-arm64, r-oldrel-macos-x86_64
Version: 1.4
Flags: --no-vignettes
Check: installed package size
Result: NOTE
installed size is 5.2Mb
sub-directories of 1Mb or more:
data 1.4Mb
doc 3.5Mb
Flavor: r-oldrel-windows-x86_64