Last updated on 2025-04-30 04:50:07 CEST.
Flavor | Version | Tinstall | Tcheck | Ttotal | Status | Flags |
---|---|---|---|---|---|---|
r-devel-linux-x86_64-debian-clang | 3.2-0 | 34.98 | 100.94 | 135.92 | NOTE | |
r-devel-linux-x86_64-debian-gcc | 3.2-0 | 24.35 | 69.02 | 93.37 | OK | |
r-devel-linux-x86_64-fedora-clang | 3.2-0 | 224.35 | OK | |||
r-devel-linux-x86_64-fedora-gcc | 3.2-0 | 209.30 | OK | |||
r-devel-windows-x86_64 | 3.2-0 | 41.00 | 125.00 | 166.00 | OK | |
r-patched-linux-x86_64 | 3.2-0 | 37.88 | 96.02 | 133.90 | OK | |
r-release-linux-x86_64 | 3.2-0 | 35.80 | 93.08 | 128.88 | OK | |
r-release-macos-arm64 | 3.2-0 | 76.00 | OK | |||
r-release-macos-x86_64 | 3.2-0 | 112.00 | OK | |||
r-release-windows-x86_64 | 3.2-0 | 40.00 | 121.00 | 161.00 | OK | |
r-oldrel-macos-arm64 | 3.2-0 | 59.00 | OK | |||
r-oldrel-macos-x86_64 | 3.2-0 | 101.00 | OK | |||
r-oldrel-windows-x86_64 | 3.2-0 | 46.00 | 161.00 | 207.00 | OK |
Version: 3.2-0
Check: examples
Result: NOTE
Examples with CPU (user + system) or elapsed time > 5s
user system elapsed
GPvam 4.785 1.12 7.698
Flavor: r-devel-linux-x86_64-debian-clang