CRAN Package Check Results for Package GRCdata

Last updated on 2025-04-30 04:50:07 CEST.

Flavor Version Tinstall Tcheck Ttotal Status Flags
r-devel-linux-x86_64-debian-clang 1.0 2.34 25.34 27.68 NOTE
r-devel-linux-x86_64-debian-gcc 1.0 2.05 19.16 21.21 NOTE
r-devel-linux-x86_64-fedora-clang 1.0 43.67 OK
r-devel-linux-x86_64-fedora-gcc 1.0 41.84 OK
r-devel-windows-x86_64 1.0 4.00 49.00 53.00 OK
r-patched-linux-x86_64 1.0 2.51 24.12 26.63 OK
r-release-linux-x86_64 1.0 2.47 23.95 26.42 OK
r-release-macos-arm64 1.0 18.00 OK
r-release-macos-x86_64 1.0 27.00 OK
r-release-windows-x86_64 1.0 4.00 44.00 48.00 OK
r-oldrel-macos-arm64 1.0 18.00 OK
r-oldrel-macos-x86_64 1.0 24.00 OK
r-oldrel-windows-x86_64 1.0 4.00 48.00 52.00 OK

Check Details

Version: 1.0
Check: CRAN incoming feasibility
Result: NOTE Maintainer: ‘Xin Guo <x.guo@polyu.edu.hk>’ No Authors@R field in DESCRIPTION. Please add one, modifying Authors@R: c(person(given = "Xin", family = "Guo", role = c("aut", "cre"), email = "x.guo@polyu.edu.hk"), person(given = "Qiang", family = "Fu", role = "aut", email = "qiang.fu@ubc.ca")) as necessary. Flavors: r-devel-linux-x86_64-debian-clang, r-devel-linux-x86_64-debian-gcc