Last updated on 2025-04-30 04:50:07 CEST.
Flavor | Version | Tinstall | Tcheck | Ttotal | Status | Flags |
---|---|---|---|---|---|---|
r-devel-linux-x86_64-debian-clang | 1.0 | 69.79 | 723.74 | 793.53 | NOTE | |
r-devel-linux-x86_64-debian-gcc | 1.0 | 54.69 | 527.34 | 582.03 | NOTE | |
r-devel-linux-x86_64-fedora-clang | 1.0 | 1336.41 | OK | |||
r-devel-linux-x86_64-fedora-gcc | 1.0 | 1235.22 | OK | |||
r-devel-windows-x86_64 | 1.0 | 72.00 | 615.00 | 687.00 | OK | |
r-patched-linux-x86_64 | 1.0 | 63.25 | 694.85 | 758.10 | OK | |
r-release-linux-x86_64 | 1.0 | 66.77 | 687.30 | 754.07 | OK | |
r-release-macos-arm64 | 1.0 | 5.00 | ERROR | |||
r-release-macos-x86_64 | 1.0 | 6.00 | ERROR | |||
r-release-windows-x86_64 | 1.0 | 74.00 | 602.00 | 676.00 | OK | |
r-oldrel-macos-arm64 | 1.0 | 10.00 | ERROR | |||
r-oldrel-macos-x86_64 | 1.0 | 11.00 | ERROR | |||
r-oldrel-windows-x86_64 | 1.0 | 88.00 | 830.00 | 918.00 | OK |
Version: 1.0
Check: examples
Result: NOTE
Examples with CPU (user + system) or elapsed time > 5s
user system elapsed
grin.assoc.lsn.outcome 7.499 0.034 9.794
alex.boxplots 4.389 0.112 6.200
KW.hit.express 3.919 0.269 5.276
Flavor: r-devel-linux-x86_64-debian-clang
Version: 1.0
Check: examples
Result: NOTE
Examples with CPU (user + system) or elapsed time > 5s
user system elapsed
grin.assoc.lsn.outcome 4.323 0.029 5.331
Flavor: r-devel-linux-x86_64-debian-gcc
Version: 1.0
Check: package dependencies
Result: ERROR
Package required but not available: ‘EnsDb.Hsapiens.v75’
See section ‘The DESCRIPTION file’ in the ‘Writing R Extensions’
manual.
Flavors: r-release-macos-arm64, r-release-macos-x86_64, r-oldrel-macos-arm64, r-oldrel-macos-x86_64