CRAN Package Check Results for Package GRelevance

Last updated on 2025-04-30 04:50:07 CEST.

Flavor Version Tinstall Tcheck Ttotal Status Flags
r-devel-linux-x86_64-debian-clang 1.0 2.34 24.60 26.94 NOTE
r-devel-linux-x86_64-debian-gcc 1.0 1.71 19.30 21.01 NOTE
r-devel-linux-x86_64-fedora-clang 1.0 43.38 OK
r-devel-linux-x86_64-fedora-gcc 1.0 40.26 OK
r-devel-windows-x86_64 1.0 4.00 49.00 53.00 OK
r-patched-linux-x86_64 1.0 2.78 23.48 26.26 OK
r-release-linux-x86_64 1.0 2.42 23.29 25.71 OK
r-release-macos-arm64 1.0 21.00 OK
r-release-macos-x86_64 1.0 38.00 OK
r-release-windows-x86_64 1.0 3.00 44.00 47.00 OK
r-oldrel-macos-arm64 1.0 18.00 OK
r-oldrel-macos-x86_64 1.0 26.00 OK
r-oldrel-windows-x86_64 1.0 4.00 48.00 52.00 OK

Check Details

Version: 1.0
Check: CRAN incoming feasibility
Result: NOTE Maintainer: ‘Xiaoping Shi <xiaoping.shi@ubc.ca>’ The Description field contains <arXiv:2107.00728>. Please refer to arXiv e-prints via their arXiv DOI <doi:10.48550/arXiv.YYMM.NNNNN>. Flavors: r-devel-linux-x86_64-debian-clang, r-devel-linux-x86_64-debian-gcc