Last updated on 2025-04-30 04:50:07 CEST.
Flavor | Version | Tinstall | Tcheck | Ttotal | Status | Flags |
---|---|---|---|---|---|---|
r-devel-linux-x86_64-debian-clang | 1.0.0 | 11.20 | 113.02 | 124.22 | NOTE | |
r-devel-linux-x86_64-debian-gcc | 1.0.0 | 7.15 | 79.40 | 86.55 | NOTE | |
r-devel-linux-x86_64-fedora-clang | 1.0.0 | 188.58 | OK | |||
r-devel-linux-x86_64-fedora-gcc | 1.0.0 | 186.17 | OK | |||
r-devel-windows-x86_64 | 1.0.0 | 11.00 | 121.00 | 132.00 | OK | |
r-patched-linux-x86_64 | 1.0.0 | 10.93 | 108.23 | 119.16 | OK | |
r-release-linux-x86_64 | 1.0.0 | 10.07 | 106.13 | 116.20 | OK | |
r-release-macos-arm64 | 1.0.0 | 62.00 | OK | |||
r-release-macos-x86_64 | 1.0.0 | 134.00 | OK | |||
r-release-windows-x86_64 | 1.0.0 | 12.00 | 117.00 | 129.00 | OK | |
r-oldrel-macos-arm64 | 1.0.0 | 55.00 | OK | |||
r-oldrel-macos-x86_64 | 1.0.0 | 97.00 | OK | |||
r-oldrel-windows-x86_64 | 1.0.0 | 14.00 | 151.00 | 165.00 | OK |
Version: 1.0.0
Check: examples
Result: NOTE
Examples with CPU (user + system) or elapsed time > 5s
user system elapsed
gsubway 7.752 0.025 9.630
sgemd 6.397 0.154 8.403
Flavor: r-devel-linux-x86_64-debian-clang
Version: 1.0.0
Check: examples
Result: NOTE
Examples with CPU (user + system) or elapsed time > 5s
user system elapsed
gsubway 4.24 0.017 6.067
Flavor: r-devel-linux-x86_64-debian-gcc