Last updated on 2025-04-30 04:50:07 CEST.
Flavor | Version | Tinstall | Tcheck | Ttotal | Status | Flags |
---|---|---|---|---|---|---|
r-devel-linux-x86_64-debian-clang | 4.2-1 | 66.99 | 74.90 | 141.89 | NOTE | |
r-devel-linux-x86_64-debian-gcc | 4.2-1 | 46.60 | 51.32 | 97.92 | NOTE | |
r-devel-linux-x86_64-fedora-clang | 4.2-1 | 228.18 | OK | |||
r-devel-linux-x86_64-fedora-gcc | 4.2-1 | 236.37 | OK | |||
r-devel-windows-x86_64 | 4.2-1 | 76.00 | 106.00 | 182.00 | OK | |
r-patched-linux-x86_64 | 4.2-1 | 69.94 | 68.77 | 138.71 | OK | |
r-release-linux-x86_64 | 4.2-1 | 63.73 | 69.29 | 133.02 | OK | |
r-release-macos-arm64 | 4.2-1 | 65.00 | OK | |||
r-release-macos-x86_64 | 4.2-1 | 97.00 | OK | |||
r-release-windows-x86_64 | 4.2-1 | 78.00 | 104.00 | 182.00 | OK | |
r-oldrel-macos-arm64 | 4.2-1 | 57.00 | OK | |||
r-oldrel-macos-x86_64 | 4.2-1 | 88.00 | NOTE | |||
r-oldrel-windows-x86_64 | 4.2-1 | 90.00 | 133.00 | 223.00 | OK |
Version: 4.2-1
Check: CRAN incoming feasibility
Result: NOTE
Maintainer: ‘Claudio Agostinelli <claudio.agostinelli@unitn.it>’
No Authors@R field in DESCRIPTION.
Please add one, modifying
Authors@R: c(person(given = "Andy",
family = "Leung",
role = "aut"),
person(given = "Mike",
family = "Danilov",
role = "aut"),
person(given = "Victor",
family = "Yohai",
role = "aut"),
person(given = "Ruben",
family = "Zamar",
role = "aut"),
person(given = "Claudio",
family = "Agostinelli",
role = "cre",
email = "claudio.agostinelli@unitn.it"))
as necessary.
Flavors: r-devel-linux-x86_64-debian-clang, r-devel-linux-x86_64-debian-gcc
Version: 4.2-1
Check: installed package size
Result: NOTE
installed size is 5.2Mb
sub-directories of 1Mb or more:
libs 4.6Mb
Flavor: r-oldrel-macos-x86_64