Last updated on 2025-04-30 04:50:07 CEST.
Flavor | Version | Tinstall | Tcheck | Ttotal | Status | Flags |
---|---|---|---|---|---|---|
r-devel-linux-x86_64-debian-clang | 0.99.3 | 53.66 | 457.51 | 511.17 | NOTE | |
r-devel-linux-x86_64-debian-gcc | 0.99.3 | 41.13 | 336.55 | 377.68 | NOTE | |
r-devel-linux-x86_64-fedora-clang | 0.99.3 | 852.53 | OK | |||
r-devel-linux-x86_64-fedora-gcc | 0.99.3 | 787.18 | OK | |||
r-devel-windows-x86_64 | 0.99.3 | 52.00 | 373.00 | 425.00 | OK | |
r-patched-linux-x86_64 | 0.99.3 | 50.13 | 438.98 | 489.11 | OK | |
r-release-linux-x86_64 | 0.99.3 | 47.44 | 433.10 | 480.54 | OK | |
r-release-macos-arm64 | 0.99.3 | 312.00 | OK | |||
r-release-macos-x86_64 | 0.99.3 | 499.00 | OK | |||
r-release-windows-x86_64 | 0.99.3 | 3.00 | 5.00 | 8.00 | ERROR | |
r-oldrel-macos-arm64 | 0.99.3 | 194.00 | OK | |||
r-oldrel-macos-x86_64 | 0.99.3 | 375.00 | OK | |||
r-oldrel-windows-x86_64 | 0.99.3 | 66.00 | 485.00 | 551.00 | OK |
Version: 0.99.3
Check: examples
Result: NOTE
Examples with CPU (user + system) or elapsed time > 5s
user system elapsed
createObjectMApath 5.535 0.137 6.4
Flavor: r-devel-linux-x86_64-debian-clang
Version: 0.99.3
Check: examples
Result: NOTE
Examples with CPU (user + system) or elapsed time > 5s
user system elapsed
createObjectMApath 4.591 0.195 5.626
Flavor: r-devel-linux-x86_64-debian-gcc
Version: 0.99.3
Check: whether package can be installed
Result: ERROR
Installation failed.
Flavor: r-release-windows-x86_64