Last updated on 2025-02-21 03:52:14 CET.
Flavor | Version | Tinstall | Tcheck | Ttotal | Status | Flags |
---|---|---|---|---|---|---|
r-devel-linux-x86_64-debian-clang | 0.99.3 | 54.72 | 452.34 | 507.06 | OK | |
r-devel-linux-x86_64-debian-gcc | 0.99.3 | 41.76 | 329.50 | 371.26 | OK | |
r-devel-linux-x86_64-fedora-clang | 0.99.3 | 861.58 | OK | |||
r-devel-linux-x86_64-fedora-gcc | 0.99.3 | 824.25 | OK | |||
r-devel-macos-arm64 | 0.99.3 | 206.00 | OK | |||
r-devel-macos-x86_64 | 0.99.3 | 395.00 | OK | |||
r-devel-windows-x86_64 | 0.99.3 | 3.00 | 5.00 | 8.00 | ERROR | |
r-patched-linux-x86_64 | 0.99.3 | 46.08 | 400.31 | 446.39 | OK | |
r-release-linux-x86_64 | 0.99.3 | 49.47 | 395.33 | 444.80 | OK | |
r-release-macos-arm64 | 0.99.3 | 194.00 | OK | |||
r-release-macos-x86_64 | 0.99.3 | 375.00 | OK | |||
r-release-windows-x86_64 | 0.99.3 | 3.00 | 5.00 | 8.00 | ERROR |
Version: 0.99.3
Check: whether package can be installed
Result: ERROR
Installation failed.
Flavors: r-devel-windows-x86_64, r-release-windows-x86_64