Last updated on 2025-11-04 03:50:53 CET.
| Flavor | Version | Tinstall | Tcheck | Ttotal | Status | Flags | 
|---|---|---|---|---|---|---|
| r-devel-linux-x86_64-debian-clang | 0.1 | 2.38 | 39.30 | 41.68 | NOTE | |
| r-devel-linux-x86_64-debian-gcc | 0.1 | 2.02 | 28.31 | 30.33 | NOTE | |
| r-devel-linux-x86_64-fedora-clang | 0.1 | 62.90 | OK | |||
| r-devel-linux-x86_64-fedora-gcc | 0.1 | 62.34 | OK | |||
| r-devel-windows-x86_64 | 0.1 | 4.00 | 60.00 | 64.00 | OK | |
| r-patched-linux-x86_64 | 0.1 | 2.53 | 37.82 | 40.35 | OK | |
| r-release-linux-x86_64 | 0.1 | 2.71 | 38.36 | 41.07 | OK | |
| r-release-macos-arm64 | 0.1 | 2.00 | 21.00 | 23.00 | OK | |
| r-release-macos-x86_64 | 0.1 | 2.00 | 36.00 | 38.00 | OK | |
| r-release-windows-x86_64 | 0.1 | 3.00 | 58.00 | 61.00 | OK | |
| r-oldrel-macos-arm64 | 0.1 | 1.00 | 21.00 | 22.00 | OK | |
| r-oldrel-macos-x86_64 | 0.1 | 2.00 | 30.00 | 32.00 | OK | |
| r-oldrel-windows-x86_64 | 0.1 | 5.00 | 74.00 | 79.00 | OK | 
Version: 0.1
Check: CRAN incoming feasibility
Result: NOTE
  Maintainer: ‘Baosheng Liang <liangbsunc@gmail.com>’
  
  No Authors@R field in DESCRIPTION.
  Please add one, modifying
    Authors@R: c(person(given = "Baosheng",
                        family = "Liang",
                        role = c("aut", "cre"),
                        email = "liangbsunc@gmail.com"),
                 person(given = "Yuanjia",
                        family = "Wang",
                        role = "aut"),
                 person(given = "Donglin",
                        family = "Zeng",
                        role = "aut"))
  as necessary.
Flavors: r-devel-linux-x86_64-debian-clang, r-devel-linux-x86_64-debian-gcc