Last updated on 2025-04-30 04:50:07 CEST.
Flavor | Version | Tinstall | Tcheck | Ttotal | Status | Flags |
---|---|---|---|---|---|---|
r-devel-linux-x86_64-debian-clang | 1.1.0 | 77.50 | 196.20 | 273.70 | NOTE | |
r-devel-linux-x86_64-debian-gcc | 1.1.0 | 53.03 | 126.76 | 179.79 | NOTE | |
r-devel-linux-x86_64-fedora-clang | 1.1.0 | 420.60 | OK | |||
r-devel-linux-x86_64-fedora-gcc | 1.1.0 | 421.84 | OK | |||
r-devel-windows-x86_64 | 1.1.0 | 79.00 | 189.00 | 268.00 | OK | |
r-patched-linux-x86_64 | 1.1.0 | 73.06 | 184.18 | 257.24 | OK | |
r-release-linux-x86_64 | 1.1.0 | 72.80 | 183.01 | 255.81 | OK | |
r-release-macos-arm64 | 1.1.0 | 128.00 | OK | |||
r-release-macos-x86_64 | 1.1.0 | 292.00 | OK | |||
r-release-windows-x86_64 | 1.1.0 | 79.00 | 191.00 | 270.00 | OK | |
r-oldrel-macos-arm64 | 1.1.0 | 131.00 | NOTE | |||
r-oldrel-macos-x86_64 | 1.1.0 | 278.00 | NOTE | |||
r-oldrel-windows-x86_64 | 1.1.0 | 105.00 | 245.00 | 350.00 | OK |
Version: 1.1.0
Check: examples
Result: NOTE
Examples with CPU (user + system) or elapsed time > 5s
user system elapsed
get_corridor 7.960 0.766 11.703
plot_corridor 5.639 0.109 7.086
Flavor: r-devel-linux-x86_64-debian-clang
Version: 1.1.0
Check: examples
Result: NOTE
Examples with CPU (user + system) or elapsed time > 5s
user system elapsed
get_corridor 4.949 0.233 7.71
Flavor: r-devel-linux-x86_64-debian-gcc
Version: 1.1.0
Check: installed package size
Result: NOTE
installed size is 5.3Mb
sub-directories of 1Mb or more:
data 4.8Mb
Flavors: r-oldrel-macos-arm64, r-oldrel-macos-x86_64