CRAN Package Check Results for Package GUD

Last updated on 2025-04-30 04:50:07 CEST.

Flavor Version Tinstall Tcheck Ttotal Status Flags
r-devel-linux-x86_64-debian-clang 1.0.2 311.18 154.57 465.75 OK
r-devel-linux-x86_64-debian-gcc 1.0.2 317.55 139.14 456.69 OK
r-devel-linux-x86_64-fedora-clang 1.0.2 742.92 OK
r-devel-linux-x86_64-fedora-gcc 1.0.2 996.91 OK
r-devel-windows-x86_64 1.0.2 379.00 207.00 586.00 OK
r-patched-linux-x86_64 1.0.2 397.59 184.18 581.77 OK
r-release-linux-x86_64 1.0.2 383.16 184.75 567.91 OK
r-release-macos-arm64 1.0.2 189.00 OK
r-release-macos-x86_64 1.0.2 250.00 OK
r-release-windows-x86_64 1.0.2 369.00 209.00 578.00 OK
r-oldrel-macos-arm64 1.0.2 111.00 NOTE
r-oldrel-macos-x86_64 1.0.2 133.00 NOTE
r-oldrel-windows-x86_64 1.0.2 399.00 258.00 657.00 NOTE

Check Details

Version: 1.0.2
Check: installed package size
Result: NOTE installed size is 68.1Mb sub-directories of 1Mb or more: libs 67.2Mb Flavors: r-oldrel-macos-arm64, r-oldrel-macos-x86_64

Version: 1.0.2
Check: for GNU extensions in Makefiles
Result: NOTE GNU make is a SystemRequirements. Flavors: r-oldrel-macos-arm64, r-oldrel-macos-x86_64, r-oldrel-windows-x86_64