Last updated on 2025-04-30 04:50:07 CEST.
Flavor | Version | Tinstall | Tcheck | Ttotal | Status | Flags |
---|---|---|---|---|---|---|
r-devel-linux-x86_64-debian-clang | 1.8 | 27.43 | 135.44 | 162.87 | NOTE | |
r-devel-linux-x86_64-debian-gcc | 1.8 | 20.84 | 94.54 | 115.38 | NOTE | |
r-devel-linux-x86_64-fedora-clang | 1.8 | 284.68 | OK | |||
r-devel-linux-x86_64-fedora-gcc | 1.8 | 313.79 | OK | |||
r-devel-windows-x86_64 | 1.8 | 34.00 | 154.00 | 188.00 | NOTE | |
r-patched-linux-x86_64 | 1.8 | 26.69 | 129.91 | 156.60 | NOTE | |
r-release-linux-x86_64 | 1.8 | 28.69 | 128.85 | 157.54 | NOTE | |
r-release-macos-arm64 | 1.8 | 76.00 | OK | |||
r-release-macos-x86_64 | 1.8 | 248.00 | OK | |||
r-release-windows-x86_64 | 1.8 | 36.00 | 151.00 | 187.00 | NOTE | |
r-oldrel-macos-arm64 | 1.8 | 80.00 | OK | |||
r-oldrel-macos-x86_64 | 1.8 | 115.00 | OK | |||
r-oldrel-windows-x86_64 | 1.8 | 40.00 | 209.00 | 249.00 | OK |
Version: 1.8
Check: CRAN incoming feasibility
Result: NOTE
Maintainer: ‘Jun Chen <chen.jun2@mayo.edu>’
No Authors@R field in DESCRIPTION.
Please add one, modifying
Authors@R: c(person(given = "Jun",
family = "Chen",
role = c("aut", "cre"),
email = "chen.jun2@mayo.edu"),
person(given = "Xianyang",
family = "Zhang",
role = "aut"),
person(given = "Lu",
family = "Yang",
role = "aut"),
person(given = "Lujun",
family = "Zhang",
role = "aut"))
as necessary.
Flavors: r-devel-linux-x86_64-debian-clang, r-devel-linux-x86_64-debian-gcc
Version: 1.8
Check: Rd cross-references
Result: NOTE
Found the following Rd file(s) with Rd \link{} targets missing package
anchors:
adonis3.Rd: vegdist, permustats
dmanova.Rd: vegdist, nearPD
Please provide package anchors for all Rd \link{} targets not in the
package itself and the base packages.
Flavors: r-devel-linux-x86_64-debian-clang, r-devel-linux-x86_64-debian-gcc, r-devel-windows-x86_64, r-patched-linux-x86_64, r-release-linux-x86_64, r-release-windows-x86_64
Version: 1.8
Check: examples
Result: NOTE
Examples with CPU (user + system) or elapsed time > 5s
user system elapsed
ZicoSeq 6.557 0.079 7.757
SimulateMSeq 5.720 0.170 7.371
ZicoSeq.plot 5.765 0.063 7.545
Flavor: r-devel-linux-x86_64-debian-clang
Version: 1.8
Check: examples
Result: NOTE
Examples with CPU (user + system) or elapsed time > 5s
user system elapsed
ZicoSeq 4.513 0.139 5.654
Flavor: r-devel-linux-x86_64-debian-gcc