Last updated on 2025-04-30 04:50:07 CEST.
Flavor | Version | Tinstall | Tcheck | Ttotal | Status | Flags |
---|---|---|---|---|---|---|
r-devel-linux-x86_64-debian-clang | 3.2.1 | 45.04 | 313.67 | 358.71 | NOTE | |
r-devel-linux-x86_64-debian-gcc | 3.2.1 | 27.15 | 203.56 | 230.71 | NOTE | |
r-devel-linux-x86_64-fedora-clang | 3.2.1 | 558.15 | OK | |||
r-devel-linux-x86_64-fedora-gcc | 3.2.1 | 545.79 | OK | |||
r-devel-windows-x86_64 | 3.2.1 | 42.00 | 230.00 | 272.00 | OK | |
r-patched-linux-x86_64 | 3.2.1 | 42.11 | 295.80 | 337.91 | OK | |
r-release-linux-x86_64 | 3.2.1 | 42.01 | 293.83 | 335.84 | OK | |
r-release-macos-arm64 | 3.2.1 | 131.00 | OK | |||
r-release-macos-x86_64 | 3.2.1 | 256.00 | OK | |||
r-release-windows-x86_64 | 3.2.1 | 40.00 | 222.00 | 262.00 | OK | |
r-oldrel-macos-arm64 | 3.2.1 | 112.00 | OK | |||
r-oldrel-macos-x86_64 | 3.2.1 | 199.00 | OK | |||
r-oldrel-windows-x86_64 | 3.2.1 | 52.00 | 327.00 | 379.00 | OK |
Version: 3.2.1
Check: CRAN incoming feasibility
Result: NOTE
Maintainer: ‘Wayne Jones <wayne.w.jones@shell.com>’
No Authors@R field in DESCRIPTION.
Please add one, modifying
Authors@R: c(person(given = "Wayne",
family = "Jones",
role = c("aut", "cre"),
email = "wayne.w.jones@shell.com"),
person(given = "Ludger",
family = "Evers",
role = "aut",
email = "ludger.evers@glasgow.ac.uk"),
person(given = "Andrej",
family = "Aderhold",
role = "aut",
email = "andrej.aderhold@protonmail.com"))
as necessary.
Flavors: r-devel-linux-x86_64-debian-clang, r-devel-linux-x86_64-debian-gcc