Last updated on 2025-04-30 04:50:07 CEST.
Flavor | Version | Tinstall | Tcheck | Ttotal | Status | Flags |
---|---|---|---|---|---|---|
r-devel-linux-x86_64-debian-clang | 1.0.1 | 3.15 | 59.58 | 62.73 | NOTE | |
r-devel-linux-x86_64-debian-gcc | 1.0.1 | 2.32 | 44.64 | 46.96 | NOTE | |
r-devel-linux-x86_64-fedora-clang | 1.0.1 | 102.82 | OK | |||
r-devel-linux-x86_64-fedora-gcc | 1.0.1 | 114.22 | OK | |||
r-devel-windows-x86_64 | 1.0.1 | 6.00 | 80.00 | 86.00 | OK | |
r-patched-linux-x86_64 | 1.0.1 | 3.18 | 55.98 | 59.16 | OK | |
r-release-linux-x86_64 | 1.0.1 | 3.09 | 55.79 | 58.88 | OK | |
r-release-macos-arm64 | 1.0.1 | 38.00 | OK | |||
r-release-macos-x86_64 | 1.0.1 | 69.00 | OK | |||
r-release-windows-x86_64 | 1.0.1 | 6.00 | 78.00 | 84.00 | OK | |
r-oldrel-macos-arm64 | 1.0.1 | 42.00 | OK | |||
r-oldrel-macos-x86_64 | 1.0.1 | 65.00 | OK | |||
r-oldrel-windows-x86_64 | 1.0.1 | 6.00 | 98.00 | 104.00 | OK |
Version: 1.0.1
Check: examples
Result: NOTE
Examples with CPU (user + system) or elapsed time > 5s
user system elapsed
gwl_fit 7.329 0.365 9.749
plot.gwlfit 4.974 0.106 5.563
print.gwlfit 4.008 0.045 5.096
Flavor: r-devel-linux-x86_64-debian-clang
Version: 1.0.1
Check: examples
Result: NOTE
Examples with CPU (user + system) or elapsed time > 5s
user system elapsed
gwl_fit 5.085 0.453 6.363
Flavor: r-devel-linux-x86_64-debian-gcc