CRAN Package Check Results for Package GauPro

Last updated on 2025-04-30 04:50:06 CEST.

Flavor Version Tinstall Tcheck Ttotal Status Flags
r-devel-linux-x86_64-debian-clang 0.2.15 191.60 326.40 518.00 OK
r-devel-linux-x86_64-debian-gcc 0.2.15 127.01 204.35 331.36 OK
r-devel-linux-x86_64-fedora-clang 0.2.15 931.34 OK
r-devel-linux-x86_64-fedora-gcc 0.2.15 865.60 OK
r-devel-windows-x86_64 0.2.15 215.00 340.00 555.00 OK
r-patched-linux-x86_64 0.2.15 194.07 314.23 508.30 OK
r-release-linux-x86_64 0.2.15 174.27 311.40 485.67 OK
r-release-macos-arm64 0.2.15 162.00 OK
r-release-macos-x86_64 0.2.15 314.00 OK
r-release-windows-x86_64 0.2.15 222.00 324.00 546.00 OK
r-oldrel-macos-arm64 0.2.15 199.00 NOTE
r-oldrel-macos-x86_64 0.2.15 382.00 NOTE
r-oldrel-windows-x86_64 0.2.15 251.00 448.00 699.00 OK

Check Details

Version: 0.2.15
Check: installed package size
Result: NOTE installed size is 9.4Mb sub-directories of 1Mb or more: R 2.0Mb libs 6.5Mb Flavors: r-oldrel-macos-arm64, r-oldrel-macos-x86_64