Last updated on 2025-02-21 03:52:13 CET.
Flavor | Version | Tinstall | Tcheck | Ttotal | Status | Flags |
---|---|---|---|---|---|---|
r-devel-linux-x86_64-debian-clang | 0.2.13 | 200.59 | 271.44 | 472.03 | OK | |
r-devel-linux-x86_64-debian-gcc | 0.2.13 | 127.25 | 175.59 | 302.84 | OK | |
r-devel-linux-x86_64-fedora-clang | 0.2.13 | 876.92 | OK | |||
r-devel-linux-x86_64-fedora-gcc | 0.2.13 | 804.47 | OK | |||
r-devel-macos-arm64 | 0.2.13 | 174.00 | OK | |||
r-devel-macos-x86_64 | 0.2.13 | 372.00 | OK | |||
r-devel-windows-x86_64 | 0.2.13 | 198.00 | 281.00 | 479.00 | OK | |
r-patched-linux-x86_64 | 0.2.13 | 182.53 | 263.54 | 446.07 | OK | |
r-release-linux-x86_64 | 0.2.13 | 183.32 | 279.53 | 462.85 | OK | |
r-release-macos-arm64 | 0.2.13 | 163.00 | NOTE | |||
r-release-macos-x86_64 | 0.2.13 | 241.00 | NOTE | |||
r-release-windows-x86_64 | 0.2.13 | 201.00 | 299.00 | 500.00 | OK | |
r-oldrel-macos-arm64 | 0.2.13 | 183.00 | NOTE | |||
r-oldrel-macos-x86_64 | 0.2.13 | 259.00 | NOTE | |||
r-oldrel-windows-x86_64 | 0.2.13 | 250.00 | 358.00 | 608.00 | OK |
Version: 0.2.13
Check: installed package size
Result: NOTE
installed size is 9.3Mb
sub-directories of 1Mb or more:
R 2.1Mb
libs 6.5Mb
Flavors: r-release-macos-arm64, r-release-macos-x86_64, r-oldrel-macos-arm64, r-oldrel-macos-x86_64