Last updated on 2025-04-30 04:50:06 CEST.
Flavor | Version | Tinstall | Tcheck | Ttotal | Status | Flags |
---|---|---|---|---|---|---|
r-devel-linux-x86_64-debian-clang | 0.3.1 | 37.97 | 313.50 | 351.47 | NOTE | |
r-devel-linux-x86_64-debian-gcc | 0.3.1 | 26.32 | 182.59 | 208.91 | NOTE | |
r-devel-linux-x86_64-fedora-clang | 0.3.1 | 557.93 | OK | |||
r-devel-linux-x86_64-fedora-gcc | 0.3.1 | 441.53 | OK | |||
r-devel-windows-x86_64 | 0.3.1 | 37.00 | 305.00 | 342.00 | OK | |
r-patched-linux-x86_64 | 0.3.1 | 35.42 | 285.60 | 321.02 | OK | |
r-release-linux-x86_64 | 0.3.1 | 35.83 | 265.12 | 300.95 | OK | |
r-release-macos-arm64 | 0.3.1 | 176.00 | OK | |||
r-release-macos-x86_64 | 0.3.1 | 344.00 | OK | |||
r-release-windows-x86_64 | 0.3.1 | 40.00 | 334.00 | 374.00 | OK | |
r-oldrel-macos-arm64 | 0.3.1 | 208.00 | OK | |||
r-oldrel-macos-x86_64 | 0.3.1 | 387.00 | OK | |||
r-oldrel-windows-x86_64 | 0.3.1 | 42.00 | 368.00 | 410.00 | OK |
Version: 0.3.1
Check: examples
Result: NOTE
Examples with CPU (user + system) or elapsed time > 5s
user system elapsed
GGeDS 3.832 1.134 6.855
Flavor: r-devel-linux-x86_64-debian-clang
Version: 0.3.1
Check: examples
Result: NOTE
Examples with CPU (user + system) or elapsed time > 5s
user system elapsed
GGeDS 2.558 0.644 5.526
Flavor: r-devel-linux-x86_64-debian-gcc