Last updated on 2025-04-30 04:50:06 CEST.
Flavor | Version | Tinstall | Tcheck | Ttotal | Status | Flags |
---|---|---|---|---|---|---|
r-devel-linux-x86_64-debian-clang | 0.8.0 | 33.97 | 225.07 | 259.04 | NOTE | |
r-devel-linux-x86_64-debian-gcc | 0.8.0 | 20.95 | 154.13 | 175.08 | OK | |
r-devel-linux-x86_64-fedora-clang | 0.8.0 | 412.45 | OK | |||
r-devel-linux-x86_64-fedora-gcc | 0.8.0 | 436.10 | OK | |||
r-devel-windows-x86_64 | 0.8.0 | 32.00 | 199.00 | 231.00 | OK | |
r-patched-linux-x86_64 | 0.8.0 | 31.07 | 214.69 | 245.76 | OK | |
r-release-linux-x86_64 | 0.8.0 | 28.37 | 211.02 | 239.39 | OK | |
r-release-macos-arm64 | 0.8.0 | 103.00 | OK | |||
r-release-macos-x86_64 | 0.8.0 | 252.00 | OK | |||
r-release-windows-x86_64 | 0.8.0 | 35.00 | 193.00 | 228.00 | OK | |
r-oldrel-macos-arm64 | 0.8.0 | 111.00 | OK | |||
r-oldrel-macos-x86_64 | 0.8.0 | 271.00 | OK | |||
r-oldrel-windows-x86_64 | 0.8.0 | 41.00 | 271.00 | 312.00 | OK |
Version: 0.8.0
Check: examples
Result: NOTE
Examples with CPU (user + system) or elapsed time > 5s
user system elapsed
dropMetaPrograms 5.899 0.289 6.831
plotMetaPrograms 5.497 0.098 5.501
getMetaPrograms 5.037 0.073 5.428
getNMFgenes 4.610 0.048 5.270
Flavor: r-devel-linux-x86_64-debian-clang