Last updated on 2025-02-21 03:52:13 CET.
Flavor | Version | Tinstall | Tcheck | Ttotal | Status | Flags |
---|---|---|---|---|---|---|
r-devel-linux-x86_64-debian-clang | 1.0.1 | 12.19 | 201.66 | 213.85 | OK | |
r-devel-linux-x86_64-debian-gcc | 1.0.1 | 8.42 | 142.55 | 150.97 | OK | |
r-devel-linux-x86_64-fedora-clang | 1.0.1 | 338.93 | OK | |||
r-devel-linux-x86_64-fedora-gcc | 1.0.1 | 355.50 | OK | |||
r-devel-macos-arm64 | 1.0.1 | 95.00 | OK | |||
r-devel-macos-x86_64 | 1.0.1 | 311.00 | OK | |||
r-devel-windows-x86_64 | 1.0.1 | 27.00 | 190.00 | 217.00 | OK | |
r-patched-linux-x86_64 | 1.0.1 | 12.17 | 187.20 | 199.37 | OK | |
r-release-linux-x86_64 | 1.0.1 | 12.07 | 186.77 | 198.84 | OK | |
r-release-macos-arm64 | 1.0.1 | 104.00 | OK | |||
r-release-macos-x86_64 | 1.0.1 | 158.00 | OK | |||
r-release-windows-x86_64 | 1.0.1 | 26.00 | 191.00 | 217.00 | OK | |
r-oldrel-macos-arm64 | 1.0.1 | 117.00 | NOTE | |||
r-oldrel-macos-x86_64 | 1.0.1 | 315.00 | NOTE | |||
r-oldrel-windows-x86_64 | 1.0.1 | 36.00 | 257.00 | 293.00 | OK |
Version: 1.0.1
Check: package dependencies
Result: NOTE
Package which this enhances but not available for checking: ‘simplifyEnrichment’
Flavors: r-oldrel-macos-arm64, r-oldrel-macos-x86_64