Last updated on 2025-02-21 03:52:13 CET.
Flavor | Version | Tinstall | Tcheck | Ttotal | Status | Flags |
---|---|---|---|---|---|---|
r-devel-linux-x86_64-debian-clang | 0.2.2 | 8.84 | 97.02 | 105.86 | OK | |
r-devel-linux-x86_64-debian-gcc | 0.2.2 | 5.87 | 66.50 | 72.37 | OK | |
r-devel-linux-x86_64-fedora-clang | 0.2.2 | 155.46 | OK | |||
r-devel-linux-x86_64-fedora-gcc | 0.2.2 | 149.29 | OK | |||
r-devel-macos-arm64 | 0.2.2 | 43.00 | OK | |||
r-devel-macos-x86_64 | 0.2.2 | 85.00 | OK | |||
r-devel-windows-x86_64 | 0.2.2 | 10.00 | 106.00 | 116.00 | OK | |
r-patched-linux-x86_64 | 0.2.2 | 8.81 | 85.95 | 94.76 | OK | |
r-release-linux-x86_64 | 0.2.2 | 7.14 | 83.86 | 91.00 | OK | |
r-release-macos-arm64 | 0.2.2 | 44.00 | OK | |||
r-release-macos-x86_64 | 0.2.2 | 65.00 | OK | |||
r-release-windows-x86_64 | 0.2.2 | 11.00 | 104.00 | 115.00 | OK | |
r-oldrel-macos-arm64 | 0.2.2 | 49.00 | OK | |||
r-oldrel-macos-x86_64 | 0.2.2 | 74.00 | NOTE | |||
r-oldrel-windows-x86_64 | 0.2.2 | 12.00 | 126.00 | 138.00 | OK |
Version: 0.2.2
Check: package dependencies
Result: NOTE
Package suggested but not available for checking: ‘xgboost’
Flavor: r-oldrel-macos-x86_64