Last updated on 2025-04-30 04:50:06 CEST.
Flavor | Version | Tinstall | Tcheck | Ttotal | Status | Flags |
---|---|---|---|---|---|---|
r-devel-linux-x86_64-debian-clang | 2.0.0 | 83.35 | 52.78 | 136.13 | NOTE | |
r-devel-linux-x86_64-debian-gcc | 2.0.0 | 79.51 | 38.85 | 118.36 | NOTE | |
r-devel-linux-x86_64-fedora-clang | 2.0.0 | 215.24 | OK | |||
r-devel-linux-x86_64-fedora-gcc | 2.0.0 | 325.58 | OK | |||
r-devel-windows-x86_64 | 2.0.0 | 93.00 | 92.00 | 185.00 | OK | |
r-patched-linux-x86_64 | 2.0.0 | 99.33 | 53.42 | 152.75 | OK | |
r-release-linux-x86_64 | 2.0.0 | 101.74 | 52.25 | 153.99 | OK | |
r-release-macos-arm64 | 2.0.0 | 63.00 | OK | |||
r-release-macos-x86_64 | 2.0.0 | 131.00 | OK | |||
r-release-windows-x86_64 | 2.0.0 | 89.00 | 92.00 | 181.00 | OK | |
r-oldrel-macos-arm64 | 2.0.0 | 61.00 | NOTE | |||
r-oldrel-macos-x86_64 | 2.0.0 | 104.00 | NOTE | |||
r-oldrel-windows-x86_64 | 2.0.0 | 106.00 | 112.00 | 218.00 | NOTE |
Version: 2.0.0
Check: CRAN incoming feasibility
Result: NOTE
Maintainer: ‘Umut Altay <altayumut.ua@gmail.com>’
The Description field contains
Geir-Arne Fuglstad (2022) <arXiv:2202.11035v2>. Umut Altay, John
Paige, Andrea Riebler, Geir-Arne Fuglstad (2022) <arXiv:2211.07442v1>.
Please refer to arXiv e-prints via their arXiv DOI <doi:10.48550/arXiv.YYMM.NNNNN>.
Flavors: r-devel-linux-x86_64-debian-clang, r-devel-linux-x86_64-debian-gcc
Version: 2.0.0
Check: examples
Result: NOTE
Examples with CPU (user + system) or elapsed time > 5s
user system elapsed
prepareInput 7.085 0.619 10.458
gridCountry 7.343 0.093 8.694
Flavor: r-devel-linux-x86_64-debian-clang
Version: 2.0.0
Check: examples
Result: NOTE
Examples with CPU (user + system) or elapsed time > 5s
user system elapsed
prepareInput 4.66 0.281 6.305
Flavor: r-devel-linux-x86_64-debian-gcc
Version: 2.0.0
Check: installed package size
Result: NOTE
installed size is 46.8Mb
sub-directories of 1Mb or more:
libs 46.1Mb
Flavors: r-oldrel-macos-arm64, r-oldrel-macos-x86_64, r-oldrel-windows-x86_64