Last updated on 2025-02-21 03:52:13 CET.
Flavor | Version | Tinstall | Tcheck | Ttotal | Status | Flags |
---|---|---|---|---|---|---|
r-devel-linux-x86_64-debian-clang | 1.1.1 | 390.81 | 142.35 | 533.16 | OK | |
r-devel-linux-x86_64-debian-gcc | 1.1.1 | 331.81 | 125.40 | 457.21 | OK | |
r-devel-linux-x86_64-fedora-clang | 1.1.1 | 941.11 | OK | |||
r-devel-linux-x86_64-fedora-gcc | 1.1.1 | 1199.93 | OK | |||
r-devel-macos-arm64 | 1.1.1 | 218.00 | OK | |||
r-devel-macos-x86_64 | 1.1.1 | 289.00 | OK | |||
r-devel-windows-x86_64 | 1.1.1 | 460.00 | 214.00 | 674.00 | OK | |
r-patched-linux-x86_64 | 1.1.1 | 465.11 | 167.38 | 632.49 | NOTE | |
r-release-linux-x86_64 | 1.1.1 | 468.76 | 166.24 | 635.00 | NOTE | |
r-release-macos-arm64 | 1.1.1 | 222.00 | NOTE | |||
r-release-macos-x86_64 | 1.1.1 | 290.00 | NOTE | |||
r-release-windows-x86_64 | 1.1.1 | 468.00 | 210.00 | 678.00 | NOTE | |
r-oldrel-macos-arm64 | 1.1.1 | 212.00 | NOTE | |||
r-oldrel-macos-x86_64 | 1.1.1 | 246.00 | NOTE | |||
r-oldrel-windows-x86_64 | 1.1.1 | 558.00 | 272.00 | 830.00 | NOTE |
Version: 1.1.1
Check: for GNU extensions in Makefiles
Result: NOTE
GNU make is a SystemRequirements.
Flavors: r-patched-linux-x86_64, r-release-linux-x86_64, r-release-macos-arm64, r-release-macos-x86_64, r-release-windows-x86_64, r-oldrel-macos-arm64, r-oldrel-macos-x86_64, r-oldrel-windows-x86_64
Version: 1.1.1
Check: installed package size
Result: NOTE
installed size is 105.4Mb
sub-directories of 1Mb or more:
R 2.1Mb
libs 103.0Mb
Flavors: r-release-macos-arm64, r-release-macos-x86_64, r-release-windows-x86_64, r-oldrel-macos-arm64, r-oldrel-macos-x86_64, r-oldrel-windows-x86_64