Last updated on 2025-04-30 04:50:06 CEST.
Flavor | Version | Tinstall | Tcheck | Ttotal | Status | Flags |
---|---|---|---|---|---|---|
r-devel-linux-x86_64-debian-clang | 1.1.1 | 392.49 | 145.95 | 538.44 | OK | |
r-devel-linux-x86_64-debian-gcc | 1.1.1 | 332.62 | 123.01 | 455.63 | OK | |
r-devel-linux-x86_64-fedora-clang | 1.1.1 | 944.79 | OK | |||
r-devel-linux-x86_64-fedora-gcc | 1.1.1 | 1185.60 | OK | |||
r-devel-windows-x86_64 | 1.1.1 | 485.00 | 224.00 | 709.00 | OK | |
r-patched-linux-x86_64 | 1.1.1 | 464.71 | 170.86 | 635.57 | OK | |
r-release-linux-x86_64 | 1.1.1 | 449.29 | 172.60 | 621.89 | OK | |
r-release-macos-arm64 | 1.1.1 | 241.00 | OK | |||
r-release-macos-x86_64 | 1.1.1 | 291.00 | OK | |||
r-release-windows-x86_64 | 1.1.1 | 491.00 | 226.00 | 717.00 | OK | |
r-oldrel-macos-arm64 | 1.1.1 | 222.00 | NOTE | |||
r-oldrel-macos-x86_64 | 1.1.1 | 290.00 | NOTE | |||
r-oldrel-windows-x86_64 | 1.1.1 | 553.00 | 280.00 | 833.00 | NOTE |
Version: 1.1.1
Check: installed package size
Result: NOTE
installed size is 105.4Mb
sub-directories of 1Mb or more:
R 2.1Mb
libs 103.0Mb
Flavors: r-oldrel-macos-arm64, r-oldrel-macos-x86_64, r-oldrel-windows-x86_64
Version: 1.1.1
Check: for GNU extensions in Makefiles
Result: NOTE
GNU make is a SystemRequirements.
Flavors: r-oldrel-macos-arm64, r-oldrel-macos-x86_64, r-oldrel-windows-x86_64