CRAN Package Check Results for Package GeoRange

Last updated on 2025-04-30 04:50:06 CEST.

Flavor Version Tinstall Tcheck Ttotal Status Flags
r-devel-linux-x86_64-debian-clang 0.1.0 4.18 44.58 48.76 OK
r-devel-linux-x86_64-debian-gcc 0.1.0 3.37 32.26 35.63 OK
r-devel-linux-x86_64-fedora-clang 0.1.0 76.99 NOTE
r-devel-linux-x86_64-fedora-gcc 0.1.0 73.36 NOTE
r-devel-windows-x86_64 0.1.0 6.00 72.00 78.00 OK
r-patched-linux-x86_64 0.1.0 4.08 42.22 46.30 OK
r-release-linux-x86_64 0.1.0 3.66 42.95 46.61 OK
r-release-macos-arm64 0.1.0 32.00 OK
r-release-macos-x86_64 0.1.0 50.00 OK
r-release-windows-x86_64 0.1.0 6.00 66.00 72.00 OK
r-oldrel-macos-arm64 0.1.0 25.00 OK
r-oldrel-macos-x86_64 0.1.0 36.00 OK
r-oldrel-windows-x86_64 0.1.0 7.00 76.00 83.00 OK

Check Details

Version: 0.1.0
Check: dependencies in R code
Result: NOTE Namespace in Imports field not imported from: ‘velociraptr’ All declared Imports should be used. Flavors: r-devel-linux-x86_64-fedora-clang, r-devel-linux-x86_64-fedora-gcc