Last updated on 2025-04-30 04:50:07 CEST.
Flavor | Version | Tinstall | Tcheck | Ttotal | Status | Flags |
---|---|---|---|---|---|---|
r-devel-linux-x86_64-debian-clang | 0.1.0 | 13.81 | 101.96 | 115.77 | NOTE | |
r-devel-linux-x86_64-debian-gcc | 0.1.0 | 9.86 | 71.71 | 81.57 | NOTE | |
r-devel-linux-x86_64-fedora-clang | 0.1.0 | 191.35 | OK | |||
r-devel-linux-x86_64-fedora-gcc | 0.1.0 | 174.27 | OK | |||
r-devel-windows-x86_64 | 0.1.0 | 15.00 | 106.00 | 121.00 | OK | |
r-patched-linux-x86_64 | 0.1.0 | 13.14 | 98.17 | 111.31 | OK | |
r-release-linux-x86_64 | 0.1.0 | 12.04 | 97.72 | 109.76 | OK | |
r-release-macos-arm64 | 0.1.0 | 68.00 | OK | |||
r-release-macos-x86_64 | 0.1.0 | 111.00 | OK | |||
r-release-windows-x86_64 | 0.1.0 | 15.00 | 104.00 | 119.00 | OK | |
r-oldrel-macos-arm64 | 0.1.0 | 63.00 | OK | |||
r-oldrel-macos-x86_64 | 0.1.0 | 88.00 | OK | |||
r-oldrel-windows-x86_64 | 0.1.0 | 17.00 | 134.00 | 151.00 | OK |
Version: 0.1.0
Check: CRAN incoming feasibility
Result: NOTE
Maintainer: ‘Zihuai He <zihuai@stanford.edu>’
No Authors@R field in DESCRIPTION.
Please add one, modifying
Authors@R: person(given = "Zihuai",
family = "He",
role = c("aut", "cre"),
email = "zihuai@stanford.edu")
as necessary.
Flavors: r-devel-linux-x86_64-debian-clang, r-devel-linux-x86_64-debian-gcc