Last updated on 2025-04-30 04:50:07 CEST.
Flavor | Version | Tinstall | Tcheck | Ttotal | Status | Flags |
---|---|---|---|---|---|---|
r-devel-linux-x86_64-debian-clang | 0.6.2 | 2.46 | 117.31 | 119.77 | NOTE | |
r-devel-linux-x86_64-debian-gcc | 0.6.2 | 1.90 | 84.56 | 86.46 | NOTE | |
r-devel-linux-x86_64-fedora-clang | 0.6.2 | 190.72 | OK | |||
r-devel-linux-x86_64-fedora-gcc | 0.6.2 | 219.75 | OK | |||
r-devel-windows-x86_64 | 0.6.2 | 3.00 | 178.00 | 181.00 | OK | |
r-patched-linux-x86_64 | 0.6.2 | 2.45 | 113.97 | 116.42 | OK | |
r-release-linux-x86_64 | 0.6.2 | 1.99 | 114.34 | 116.33 | OK | |
r-release-macos-arm64 | 0.6.2 | 68.00 | OK | |||
r-release-macos-x86_64 | 0.6.2 | 149.00 | OK | |||
r-release-windows-x86_64 | 0.6.2 | 3.00 | 179.00 | 182.00 | OK | |
r-oldrel-macos-arm64 | 0.6.2 | 64.00 | OK | |||
r-oldrel-macos-x86_64 | 0.6.2 | 122.00 | OK | |||
r-oldrel-windows-x86_64 | 0.6.2 | 4.00 | 194.00 | 198.00 | OK |
Version: 0.6.2
Check: examples
Result: NOTE
Examples with CPU (user + system) or elapsed time > 5s
user system elapsed
ssa 6.491 0.147 8.009
Flavor: r-devel-linux-x86_64-debian-clang
Version: 0.6.2
Check: examples
Result: NOTE
Examples with CPU (user + system) or elapsed time > 5s
user system elapsed
ssa 4.717 0.136 6.034
Flavor: r-devel-linux-x86_64-debian-gcc